{"id":847,"date":"2019-01-22T12:10:04","date_gmt":"2019-01-22T11:10:04","guid":{"rendered":"http:\/\/192.168.156.19\/?page_id=847"},"modified":"2024-07-24T12:27:53","modified_gmt":"2024-07-24T10:27:53","slug":"ibm-sametime","status":"publish","type":"page","link":"https:\/\/www.exterra-services.cz\/index.php\/ibm-sametime\/","title":{"rendered":"HCL Sametime"},"content":{"rendered":"<p><em>Vyu\u017eijte mo\u017enost\u00ed okam\u017eit\u00e9 spolupr\u00e1ce prost\u0159ednictv\u00edm soci\u00e1ln\u00edch s\u00edt\u00ed d\u00edky integraci hlasov\u00fdch, datov\u00fdch a video slu\u017eeb.<\/em><\/p>\n<p>Produkt IBM Sametime p\u0159edstavuje nab\u00eddku funkc\u00ed pro soci\u00e1ln\u00ed s\u00edt\u011b coby v\u00fdvojov\u00e9 f\u00e1ze sjednocen\u00e9 komunikace (UC). Poskytuje integraci hlasov\u00fdch, datov\u00fdch a video slu\u017eeb pro spolupr\u00e1ci v re\u00e1ln\u00e9m \u010dase s lidmi uvnit\u0159 podniku i mimo n\u011bj, bez n\u00e1klad\u016f na cestov\u00e1n\u00ed. Produkt IBM Sametime lze integrovat do aplikac\u00ed, kter\u00e9 pravideln\u011b pou\u017e\u00edv\u00e1te pro p\u0159\u00edm\u00fd p\u0159\u00edstup k podnikov\u00fdm aplikac\u00edm rychl\u00e9ho zas\u00edl\u00e1n\u00ed zpr\u00e1v (IM), online sch\u016fzek, telefonie a video konferenc\u00ed &#8211; z m\u00edsta, kde pr\u00e1v\u011b pracujete.<\/p>\n<h4><strong>Produkt IBM Sametime podporuje komunikaci prost\u0159ednictv\u00edm soci\u00e1ln\u00edch s\u00edt\u00ed, kam mj. pat\u0159\u00ed:<\/strong><\/h4>\n<ul>\n<li><strong>Podnikov\u00e9 aplikace pro rychl\u00e9 zas\u00edl\u00e1n\u00ed zpr\u00e1v (IM), ukazatele stavu p\u0159ipojen\u00ed a spolupr\u00e1ce komunity<\/strong> s mo\u017enost\u00ed vyhled\u00e1vat odborn\u00edky a rychle s nimi za\u010d\u00edt spolupracovat.<\/li>\n<li><strong>Online sch\u016fzky<\/strong>, kter\u00e9 nab\u00edz\u00ed sd\u00edlen\u00ed audio a video soubor\u016f o vysok\u00e9m rozli\u0161en\u00ed, stejn\u011b tak jako sd\u00edlen\u00ed dokument\u016f, aplikac\u00ed a obrazovek.<\/li>\n<li><strong>Podpora mobiln\u00edch za\u0159\u00edzen\u00ed<\/strong>, d\u00edky kter\u00e9 z\u016fst\u00e1v\u00e1te ve spojen\u00ed s kancel\u00e1\u0159\u00ed a m\u00e1te k dispozici v\u0161echny komunika\u010dn\u00ed funkce.<\/li>\n<li><strong>Integrace hlasov\u00fdch a video slu\u017eeb<\/strong> s podporou oborov\u00fdch standard\u016f a nab\u00eddkou funkc\u00ed, kter\u00e9 pom\u00e1haj\u00ed administr\u00e1tor\u016fm IT implementovat hlasov\u00e9 a video funkce v r\u00e1mci p\u0159\u00edslu\u0161n\u00e9 s\u00edt\u011b.<\/li>\n<li><strong>Jednoduch\u00e9 u\u017eivatelsk\u00e9 rozhran\u00ed a flexibiln\u00ed platforma<\/strong>, kter\u00e9 pom\u00e1haj\u00ed k roz\u0161\u00ed\u0159en\u00ed va\u0161eho prost\u0159ed\u00ed sjednocen\u00e9 komunikace a za\u010dlen\u011bn\u00ed soci\u00e1ln\u00ed komunikace do va\u0161ich proces\u016f a aplikac\u00ed.<\/li>\n<\/ul>\n<h4><strong>Podnikov\u00e9 aplikace pro rychl\u00e9 zas\u00edl\u00e1n\u00ed zpr\u00e1v, ukazatele stavu p\u0159ipojen\u00ed a spolupr\u00e1ce komunity<\/strong><\/h4>\n<ul>\n<li>Zobrazuje online dostupnost a lokalitu koleg\u016f za pomoci stavov\u00fdch ikon, ze kter\u00fdch je z\u0159ejm\u00e9, zda je dan\u00fd u\u017eivatel na sch\u016fzce, je offline nebo naopak p\u0159ipraven ke komunikaci po soci\u00e1ln\u00ed s\u00edti v re\u00e1ln\u00e9m \u010dase.<\/li>\n<li>Umo\u017e\u0148uje rychle vyhled\u00e1vat odborn\u00edky &#8211; dokonce i ty, se kter\u00fdmi jste se zat\u00edm osobn\u011b nepotkali &#8211; prost\u0159ednictv\u00edm seznamu kontakt\u016f, v n\u011bm\u017e jsou rozli\u0161eny ned\u00e1vn\u00e9 i \u010dasto pou\u017e\u00edvan\u00e9 kontakty; pomoc\u00ed prohled\u00e1vateln\u00e9ho adres\u00e1\u0159e organizace; a pomoc\u00ed offline zas\u00edl\u00e1n\u00ed zpr\u00e1v. Umo\u017e\u0148uje vys\u00edl\u00e1n\u00ed prost\u0159ednictv\u00edm kan\u00e1l\u016f komunity, d\u00edky kter\u00fdm m\u016f\u017eete dohledat pracovn\u00edky s po\u017eadovanou kvalifikac\u00ed i v p\u0159\u00edpad\u011b, \u017ee nejsou ve va\u0161em seznamu kontakt\u016f.<\/li>\n<li>Umo\u017e\u0148uje klepnut\u00edm p\u0159epnout zp\u016fsob komunikace v pr\u016fb\u011bhu konverzace, a tak realizovat hovory s v\u00edce \u00fa\u010dastn\u00edky, video konverzace, skupinov\u00e9 konverzace, online sch\u016fzky nebo okam\u017eit\u00e9 v\u00fdzvy.<\/li>\n<li>Spravuje historii online zpr\u00e1v pomoc\u00ed raz\u00edtek data a \u010dasu, vyhled\u00e1v\u00e1n\u00ed u\u017eivatel\u016f a kalend\u00e1\u0159n\u00edch dat nebo pomoc\u00ed protokolu odeslan\u00fdch soubor\u016f a odkaz\u016f.<\/li>\n<li>Poskytuje federaci s dal\u0161\u00edmi syst\u00e9my online komunikace, a tak umo\u017e\u0148uje spolupracovat v re\u00e1ln\u00e9m \u010dase i s kolegy, kte\u0159\u00ed produkt IBM Sametime nepou\u017e\u00edvaj\u00ed.<\/li>\n<\/ul>\n<h4><strong>Online sch\u016fzky<\/strong><\/h4>\n<ul>\n<li>Umo\u017e\u0148uje sd\u00edlen\u00ed soubor\u016f, aplikac\u00ed a obrazovek s u\u017eivateli v r\u00e1mci spole\u010dnosti i mimo ni, s vyu\u017eit\u00edm kvalitn\u011b zabezpe\u010den\u00fdch funkc\u00ed, v\u010detn\u011b audio a video slu\u017eeb.<\/li>\n<li>Roz\u0161i\u0159uje mo\u017enosti komunikace po soci\u00e1ln\u00edch s\u00edt\u00edch o funkce audio- a video konferenc\u00ed, d\u00edky kter\u00fdm m\u016f\u017eete vid\u011bt sv\u00e9 kolegy a jejich reakce bez \u010dasov\u00fdch a finan\u010dn\u00edch ztr\u00e1t spojen\u00fdch s cestov\u00e1n\u00edm.<\/li>\n<li>Zaji\u0161\u0165uje p\u0159\u00edstup k online sch\u016fzk\u00e1m prost\u0159ednictv\u00edm va\u0161eho stoln\u00edho po\u010d\u00edta\u010de, notebooku, p\u0159\u00edstroje Apple iPad nebo tabletu se syst\u00e9mem Google Android.<\/li>\n<li>Rychle vyhled\u00e1v\u00e1 a umo\u017e\u0148uje zapojovat se do sch\u016fzek t\u00edm, \u017ee zobrazuje konsolidovan\u00fd p\u0159ehled va\u0161ich napl\u00e1novan\u00fdch sch\u016fzek; pomoc\u00ed panelu sch\u016fzek zprost\u0159edkuje okam\u017eit\u00fd p\u0159\u00edstup do zasedac\u00edch m\u00edstnost\u00ed; dovoluje roz\u0161i\u0159ovat a akceptovat pozv\u00e1n\u00ed jedin\u00fdm klepnut\u00edm my\u0161\u00ed.<\/li>\n<\/ul>\n<h4><strong>Podpora mobiln\u00edch za\u0159\u00edzen\u00ed<\/strong><\/h4>\n<ul>\n<li>Umo\u017e\u0148uje komunikaci a spolupr\u00e1ci v re\u00e1ln\u00e9m \u010dase prost\u0159ednictv\u00edm soci\u00e1ln\u00edch s\u00edt\u00ed z m\u00edst podporovan\u00fdch va\u0161\u00ed mobiln\u00ed s\u00edt\u00ed; nab\u00edz\u00ed tak mo\u017enost voln\u011b pracovat na r\u016fzn\u00fdch m\u00edstech a z\u016fstat p\u0159itom ve spojen\u00ed.<\/li>\n<li>Poskytuje ukazatele stavu p\u0159ipojen\u00ed a podnikov\u00e9 funkce rychl\u00e9ho zas\u00edl\u00e1n\u00ed zpr\u00e1v pomoc\u00ed za\u0159\u00edzen\u00ed handheld Apple, Google Android, Research In Motion BlackBerry, Nokia Symbian a Microsoft Windows Mobile.<\/li>\n<li>Zobrazuje ukazatele stavu p\u0159ipojen\u00ed, jako je nap\u0159. dostupnost online, geografick\u00e9 um\u00edst\u011bn\u00ed a vlastn\u00ed stavov\u00e9 zpr\u00e1vy.<\/li>\n<li>Nab\u00edz\u00ed funkce rychl\u00e9ho zas\u00edl\u00e1n\u00ed zpr\u00e1v (IM) pro konverzace mezi dv\u011bma \u00fa\u010dastn\u00edky i skupinov\u00e9 zas\u00edl\u00e1n\u00ed zpr\u00e1v a umo\u017e\u0148uje spravovat v\u00edce aktivn\u00edch online zpr\u00e1v na mal\u00e9 obrazovce.<\/li>\n<li>Umo\u017e\u0148uje \u00fa\u010dastnit se online sch\u016fzek IBM Sametime pomoc\u00ed p\u0159\u00edstroje Apple iPad, tabletu se syst\u00e9mem Android nebo smartphonu BlackBerry.<\/li>\n<\/ul>\n<h4><strong>Integrace hlasov\u00fdch a video slu\u017eeb<\/strong><\/h4>\n<ul>\n<li>Obsahuje du\u00e1ln\u00ed audio a video rozhran\u00ed, kter\u00e9 spolupracuje s vestav\u011bn\u00fdm softwarem IBM Sametime nebo speci\u00e1ln\u00edm softwarem jin\u00fdch dodavatel\u016f, a poskytuje tak audio a video slu\u017eby v r\u00e1mci online sch\u016fzek a konferenc\u00ed.<\/li>\n<li>Podporuje kodeky podle oborov\u00fdch standard\u016f, stejn\u011b tak jako protokoly VoIP (Voice over Internet Protocol) a SIP (Session Initiation Protocol) k zaji\u0161t\u011bn\u00ed vestav\u011bn\u00fdch hlasov\u00fdch a video slu\u017eeb o vysok\u00e9 kvalit\u011b a k integraci s nejr\u016fzn\u011bj\u0161\u00edmi audio a video syst\u00e9my.<\/li>\n<li>Obsahuje n\u00e1stroj Sametime Bandwidth Manager k zaji\u0161t\u011bn\u00ed kvality slu\u017eeb p\u0159i multimedi\u00e1ln\u00ed spolupr\u00e1ci a k ochran\u011b p\u0159enosov\u00e9 kapacity s\u00edt\u011b pro \u017eivotn\u011b d\u016fle\u017eit\u00e9 aplikace.<\/li>\n<li>Podporuje p\u0159eklad s\u00ed\u0165ov\u00fdch adres (NAT), protokol ICE (Interactive Connectivity Establishment), protokol STUN (Session Traversal Utilities for NAT) a standard TURN (Traversal Using Relay NAT), \u010d\u00edm\u017e umo\u017e\u0148uje p\u0159enos audio a video komunikace p\u0159es br\u00e1ny firewall.<\/li>\n<li>Spolupracuje s va\u0161imi syst\u00e9my telefonie prost\u0159ednictv\u00edm modul\u016f plug-in t\u0159et\u00edch stran, produktu IBM Sametime Unified Telephony nebo IBM Sametime Unified Telephony Lite Client.<\/li>\n<\/ul>\n<h4><strong>Jednoduch\u00e9 u\u017eivatelsk\u00e9 rozhran\u00ed a flexibiln\u00ed platforma<\/strong><\/h4>\n<ul>\n<li>P\u0159in\u00e1\u0161\u00ed unifikovan\u00e9 u\u017eivatelsk\u00e9 rozhran\u00ed pro \u0161irok\u00e9 spektrum mo\u017enost\u00ed komunikace p\u0159es soci\u00e1ln\u00ed s\u00edt\u011b.<\/li>\n<li>Poskytuje vestav\u011bnou integraci s produkty IBM WebSphere Portal, IBM Lotus Notes, IBM Lotus Quickr, IBM Connections, Microsoft Office, Microsoft Outlook a Microsoft SharePoint. Rovn\u011b\u017e dovoluje integraci s obchodn\u00edmi aplikacemi t\u0159et\u00edch stran.<\/li>\n<li>Umo\u017e\u0148uje propojen\u00ed s existuj\u00edc\u00edmi datov\u00fdmi a telefonn\u00edmi s\u00edt\u011bmi za pou\u017eit\u00ed standardn\u00edch n\u00e1stroj\u016f a middlewaru, abyste mohli vyu\u017e\u00edvat svoji st\u00e1vaj\u00edc\u00ed infrastrukturu.<\/li>\n<li>Pracuje s r\u016fzn\u00fdmi opera\u010dn\u00edmi syst\u00e9my, e-mailov\u00fdmi platformami a syst\u00e9my pro audio a video konference, aby zajistil podporu pro \u0161irok\u00e9 spektrum u\u017eivatel\u016f.<\/li>\n<li>Poskytuje sadu SDK a n\u00e1stroje zalo\u017een\u00e9 na otev\u0159en\u00fdch standardech, d\u00edky nim\u017e lze za\u010dlenit komunika\u010dn\u00ed funkce produktu IBM Sametime do obchodn\u00edch aplikac\u00ed v r\u00e1mci proces\u016f umo\u017e\u0148uj\u00edc\u00edch komunikaci.<\/li>\n<\/ul>\n","protected":false},"excerpt":{"rendered":"<p>Vyu\u017eijte mo\u017enost\u00ed okam\u017eit\u00e9 spolupr\u00e1ce prost\u0159ednictv\u00edm soci\u00e1ln\u00edch s\u00edt\u00ed d\u00edky integraci hlasov\u00fdch, datov\u00fdch a video slu\u017eeb. Produkt IBM Sametime p\u0159edstavuje nab\u00eddku funkc\u00ed pro soci\u00e1ln\u00ed s\u00edt\u011b coby v\u00fdvojov\u00e9 f\u00e1ze sjednocen\u00e9 komunikace (UC). Poskytuje integraci hlasov\u00fdch, datov\u00fdch a video slu\u017eeb pro spolupr\u00e1ci v re\u00e1ln\u00e9m \u010dase s lidmi uvnit\u0159 podniku i mimo n\u011bj, bez n\u00e1klad\u016f na cestov\u00e1n\u00ed. Produkt IBM Sametime [&hellip;]<\/p>\n","protected":false},"author":1,"featured_media":0,"parent":0,"menu_order":0,"comment_status":"closed","ping_status":"closed","template":"","meta":{"ocean_post_layout":"","ocean_both_sidebars_style":"","ocean_both_sidebars_content_width":0,"ocean_both_sidebars_sidebars_width":0,"ocean_sidebar":"0","ocean_second_sidebar":"0","ocean_disable_margins":"enable","ocean_add_body_class":"","ocean_shortcode_before_top_bar":"","ocean_shortcode_after_top_bar":"","ocean_shortcode_before_header":"","ocean_shortcode_after_header":"","ocean_has_shortcode":"","ocean_shortcode_after_title":"","ocean_shortcode_before_footer_widgets":"","ocean_shortcode_after_footer_widgets":"","ocean_shortcode_before_footer_bottom":"","ocean_shortcode_after_footer_bottom":"","ocean_display_top_bar":"default","ocean_display_header":"default","ocean_header_style":"","ocean_center_header_left_menu":"0","ocean_custom_header_template":"0","ocean_custom_logo":0,"ocean_custom_retina_logo":0,"ocean_custom_logo_max_width":0,"ocean_custom_logo_tablet_max_width":0,"ocean_custom_logo_mobile_max_width":0,"ocean_custom_logo_max_height":0,"ocean_custom_logo_tablet_max_height":0,"ocean_custom_logo_mobile_max_height":0,"ocean_header_custom_menu":"0","ocean_menu_typo_font_family":"0","ocean_menu_typo_font_subset":"","ocean_menu_typo_font_size":0,"ocean_menu_typo_font_size_tablet":0,"ocean_menu_typo_font_size_mobile":0,"ocean_menu_typo_font_size_unit":"px","ocean_menu_typo_font_weight":"","ocean_menu_typo_font_weight_tablet":"","ocean_menu_typo_font_weight_mobile":"","ocean_menu_typo_transform":"","ocean_menu_typo_transform_tablet":"","ocean_menu_typo_transform_mobile":"","ocean_menu_typo_line_height":0,"ocean_menu_typo_line_height_tablet":0,"ocean_menu_typo_line_height_mobile":0,"ocean_menu_typo_line_height_unit":"","ocean_menu_typo_spacing":0,"ocean_menu_typo_spacing_tablet":0,"ocean_menu_typo_spacing_mobile":0,"ocean_menu_typo_spacing_unit":"","ocean_menu_link_color":"","ocean_menu_link_color_hover":"","ocean_menu_link_color_active":"","ocean_menu_link_background":"","ocean_menu_link_hover_background":"","ocean_menu_link_active_background":"","ocean_menu_social_links_bg":"","ocean_menu_social_hover_links_bg":"","ocean_menu_social_links_color":"","ocean_menu_social_hover_links_color":"","ocean_disable_title":"default","ocean_disable_heading":"default","ocean_post_title":"","ocean_post_subheading":"","ocean_post_title_style":"","ocean_post_title_background_color":"","ocean_post_title_background":0,"ocean_post_title_bg_image_position":"","ocean_post_title_bg_image_attachment":"","ocean_post_title_bg_image_repeat":"","ocean_post_title_bg_image_size":"","ocean_post_title_height":0,"ocean_post_title_bg_overlay":0.5,"ocean_post_title_bg_overlay_color":"","ocean_disable_breadcrumbs":"default","ocean_breadcrumbs_color":"","ocean_breadcrumbs_separator_color":"","ocean_breadcrumbs_links_color":"","ocean_breadcrumbs_links_hover_color":"","ocean_display_footer_widgets":"default","ocean_display_footer_bottom":"default","ocean_custom_footer_template":"0","footnotes":""},"class_list":["post-847","page","type-page","status-publish","hentry","entry"],"yoast_head":"<!-- This site is optimized with the Yoast SEO plugin v27.4 - https:\/\/yoast.com\/product\/yoast-seo-wordpress\/ -->\n<title>HCL Sametime &#8226; exTerra Services &#8226; profesion\u00e1ln\u00ed IT \u0159e\u0161en\u00ed<\/title>\n<meta name=\"description\" content=\"HCL\/IBM Sametime p\u0159edstavuje nab\u00eddku funkc\u00ed pro soci\u00e1ln\u00ed s\u00edt\u011b coby v\u00fdvojov\u00e9 f\u00e1ze sjednocen\u00e9 komunikace (UC).\" \/>\n<meta name=\"robots\" content=\"index, follow, max-snippet:-1, max-image-preview:large, max-video-preview:-1\" \/>\n<link rel=\"canonical\" href=\"https:\/\/www.exterra-services.cz\/index.php\/ibm-sametime\/\" \/>\n<meta property=\"og:locale\" content=\"cs_CZ\" \/>\n<meta property=\"og:type\" content=\"article\" \/>\n<meta property=\"og:title\" content=\"HCL Sametime &#8226; exTerra Services &#8226; profesion\u00e1ln\u00ed IT \u0159e\u0161en\u00ed\" \/>\n<meta property=\"og:description\" content=\"HCL\/IBM Sametime p\u0159edstavuje nab\u00eddku funkc\u00ed pro soci\u00e1ln\u00ed s\u00edt\u011b coby v\u00fdvojov\u00e9 f\u00e1ze sjednocen\u00e9 komunikace (UC).\" \/>\n<meta property=\"og:url\" content=\"https:\/\/www.exterra-services.cz\/index.php\/ibm-sametime\/\" \/>\n<meta property=\"og:site_name\" content=\"exTerra Services\" \/>\n<meta property=\"article:modified_time\" content=\"2024-07-24T10:27:53+00:00\" \/>\n<meta name=\"twitter:card\" content=\"summary_large_image\" \/>\n<meta name=\"twitter:label1\" content=\"Odhadovan\u00e1 doba \u010dten\u00ed\" \/>\n\t<meta name=\"twitter:data1\" content=\"5 minut\" \/>\n<script type=\"application\/ld+json\" class=\"yoast-schema-graph\">{\"@context\":\"https:\\\/\\\/schema.org\",\"@graph\":[{\"@type\":\"WebPage\",\"@id\":\"https:\\\/\\\/www.exterra-services.cz\\\/index.php\\\/ibm-sametime\\\/\",\"url\":\"https:\\\/\\\/www.exterra-services.cz\\\/index.php\\\/ibm-sametime\\\/\",\"name\":\"HCL Sametime &#8226; exTerra Services &#8226; profesion\u00e1ln\u00ed IT \u0159e\u0161en\u00ed\",\"isPartOf\":{\"@id\":\"https:\\\/\\\/www.exterra-services.cz\\\/#website\"},\"datePublished\":\"2019-01-22T11:10:04+00:00\",\"dateModified\":\"2024-07-24T10:27:53+00:00\",\"description\":\"HCL\\\/IBM Sametime p\u0159edstavuje nab\u00eddku funkc\u00ed pro soci\u00e1ln\u00ed s\u00edt\u011b coby v\u00fdvojov\u00e9 f\u00e1ze sjednocen\u00e9 komunikace (UC).\",\"breadcrumb\":{\"@id\":\"https:\\\/\\\/www.exterra-services.cz\\\/index.php\\\/ibm-sametime\\\/#breadcrumb\"},\"inLanguage\":\"cs\",\"potentialAction\":[{\"@type\":\"ReadAction\",\"target\":[\"https:\\\/\\\/www.exterra-services.cz\\\/index.php\\\/ibm-sametime\\\/\"]}]},{\"@type\":\"BreadcrumbList\",\"@id\":\"https:\\\/\\\/www.exterra-services.cz\\\/index.php\\\/ibm-sametime\\\/#breadcrumb\",\"itemListElement\":[{\"@type\":\"ListItem\",\"position\":1,\"name\":\"Dom\u016f\",\"item\":\"https:\\\/\\\/www.exterra-services.cz\\\/\"},{\"@type\":\"ListItem\",\"position\":2,\"name\":\"HCL Sametime\"}]},{\"@type\":\"WebSite\",\"@id\":\"https:\\\/\\\/www.exterra-services.cz\\\/#website\",\"url\":\"https:\\\/\\\/www.exterra-services.cz\\\/\",\"name\":\"exTerra Services\",\"description\":\"profesion\u00e1ln\u00ed IT \u0159e\u0161en\u00ed\",\"publisher\":{\"@id\":\"https:\\\/\\\/www.exterra-services.cz\\\/#organization\"},\"potentialAction\":[{\"@type\":\"SearchAction\",\"target\":{\"@type\":\"EntryPoint\",\"urlTemplate\":\"https:\\\/\\\/www.exterra-services.cz\\\/?s={search_term_string}\"},\"query-input\":{\"@type\":\"PropertyValueSpecification\",\"valueRequired\":true,\"valueName\":\"search_term_string\"}}],\"inLanguage\":\"cs\"},{\"@type\":\"Organization\",\"@id\":\"https:\\\/\\\/www.exterra-services.cz\\\/#organization\",\"name\":\"exTerra Services s.r.o.\",\"url\":\"https:\\\/\\\/www.exterra-services.cz\\\/\",\"logo\":{\"@type\":\"ImageObject\",\"inLanguage\":\"cs\",\"@id\":\"https:\\\/\\\/www.exterra-services.cz\\\/#\\\/schema\\\/logo\\\/image\\\/\",\"url\":\"https:\\\/\\\/www.exterra-services.cz\\\/wp-content\\\/uploads\\\/2018\\\/12\\\/logo.png\",\"contentUrl\":\"https:\\\/\\\/www.exterra-services.cz\\\/wp-content\\\/uploads\\\/2018\\\/12\\\/logo.png\",\"width\":1280,\"height\":720,\"caption\":\"exTerra Services s.r.o.\"},\"image\":{\"@id\":\"https:\\\/\\\/www.exterra-services.cz\\\/#\\\/schema\\\/logo\\\/image\\\/\"}}]}<\/script>\n<!-- \/ Yoast SEO plugin. -->","yoast_head_json":{"title":"HCL Sametime &#8226; exTerra Services &#8226; profesion\u00e1ln\u00ed IT \u0159e\u0161en\u00ed","description":"HCL\/IBM Sametime p\u0159edstavuje nab\u00eddku funkc\u00ed pro soci\u00e1ln\u00ed s\u00edt\u011b coby v\u00fdvojov\u00e9 f\u00e1ze sjednocen\u00e9 komunikace (UC).","robots":{"index":"index","follow":"follow","max-snippet":"max-snippet:-1","max-image-preview":"max-image-preview:large","max-video-preview":"max-video-preview:-1"},"canonical":"https:\/\/www.exterra-services.cz\/index.php\/ibm-sametime\/","og_locale":"cs_CZ","og_type":"article","og_title":"HCL Sametime &#8226; exTerra Services &#8226; profesion\u00e1ln\u00ed IT \u0159e\u0161en\u00ed","og_description":"HCL\/IBM Sametime p\u0159edstavuje nab\u00eddku funkc\u00ed pro soci\u00e1ln\u00ed s\u00edt\u011b coby v\u00fdvojov\u00e9 f\u00e1ze sjednocen\u00e9 komunikace (UC).","og_url":"https:\/\/www.exterra-services.cz\/index.php\/ibm-sametime\/","og_site_name":"exTerra Services","article_modified_time":"2024-07-24T10:27:53+00:00","twitter_card":"summary_large_image","twitter_misc":{"Odhadovan\u00e1 doba \u010dten\u00ed":"5 minut"},"schema":{"@context":"https:\/\/schema.org","@graph":[{"@type":"WebPage","@id":"https:\/\/www.exterra-services.cz\/index.php\/ibm-sametime\/","url":"https:\/\/www.exterra-services.cz\/index.php\/ibm-sametime\/","name":"HCL Sametime &#8226; exTerra Services &#8226; profesion\u00e1ln\u00ed IT \u0159e\u0161en\u00ed","isPartOf":{"@id":"https:\/\/www.exterra-services.cz\/#website"},"datePublished":"2019-01-22T11:10:04+00:00","dateModified":"2024-07-24T10:27:53+00:00","description":"HCL\/IBM Sametime p\u0159edstavuje nab\u00eddku funkc\u00ed pro soci\u00e1ln\u00ed s\u00edt\u011b coby v\u00fdvojov\u00e9 f\u00e1ze sjednocen\u00e9 komunikace (UC).","breadcrumb":{"@id":"https:\/\/www.exterra-services.cz\/index.php\/ibm-sametime\/#breadcrumb"},"inLanguage":"cs","potentialAction":[{"@type":"ReadAction","target":["https:\/\/www.exterra-services.cz\/index.php\/ibm-sametime\/"]}]},{"@type":"BreadcrumbList","@id":"https:\/\/www.exterra-services.cz\/index.php\/ibm-sametime\/#breadcrumb","itemListElement":[{"@type":"ListItem","position":1,"name":"Dom\u016f","item":"https:\/\/www.exterra-services.cz\/"},{"@type":"ListItem","position":2,"name":"HCL Sametime"}]},{"@type":"WebSite","@id":"https:\/\/www.exterra-services.cz\/#website","url":"https:\/\/www.exterra-services.cz\/","name":"exTerra Services","description":"profesion\u00e1ln\u00ed IT \u0159e\u0161en\u00ed","publisher":{"@id":"https:\/\/www.exterra-services.cz\/#organization"},"potentialAction":[{"@type":"SearchAction","target":{"@type":"EntryPoint","urlTemplate":"https:\/\/www.exterra-services.cz\/?s={search_term_string}"},"query-input":{"@type":"PropertyValueSpecification","valueRequired":true,"valueName":"search_term_string"}}],"inLanguage":"cs"},{"@type":"Organization","@id":"https:\/\/www.exterra-services.cz\/#organization","name":"exTerra Services s.r.o.","url":"https:\/\/www.exterra-services.cz\/","logo":{"@type":"ImageObject","inLanguage":"cs","@id":"https:\/\/www.exterra-services.cz\/#\/schema\/logo\/image\/","url":"https:\/\/www.exterra-services.cz\/wp-content\/uploads\/2018\/12\/logo.png","contentUrl":"https:\/\/www.exterra-services.cz\/wp-content\/uploads\/2018\/12\/logo.png","width":1280,"height":720,"caption":"exTerra Services s.r.o."},"image":{"@id":"https:\/\/www.exterra-services.cz\/#\/schema\/logo\/image\/"}}]}},"jetpack_sharing_enabled":true,"_links":{"self":[{"href":"https:\/\/www.exterra-services.cz\/index.php\/wp-json\/wp\/v2\/pages\/847","targetHints":{"allow":["GET"]}}],"collection":[{"href":"https:\/\/www.exterra-services.cz\/index.php\/wp-json\/wp\/v2\/pages"}],"about":[{"href":"https:\/\/www.exterra-services.cz\/index.php\/wp-json\/wp\/v2\/types\/page"}],"author":[{"embeddable":true,"href":"https:\/\/www.exterra-services.cz\/index.php\/wp-json\/wp\/v2\/users\/1"}],"replies":[{"embeddable":true,"href":"https:\/\/www.exterra-services.cz\/index.php\/wp-json\/wp\/v2\/comments?post=847"}],"version-history":[{"count":3,"href":"https:\/\/www.exterra-services.cz\/index.php\/wp-json\/wp\/v2\/pages\/847\/revisions"}],"predecessor-version":[{"id":4519,"href":"https:\/\/www.exterra-services.cz\/index.php\/wp-json\/wp\/v2\/pages\/847\/revisions\/4519"}],"wp:attachment":[{"href":"https:\/\/www.exterra-services.cz\/index.php\/wp-json\/wp\/v2\/media?parent=847"}],"curies":[{"name":"wp","href":"https:\/\/api.w.org\/{rel}","templated":true}]}}