{"id":476,"date":"2019-01-21T15:13:16","date_gmt":"2019-01-21T14:13:16","guid":{"rendered":"http:\/\/192.168.156.19\/?page_id=476"},"modified":"2025-02-17T14:09:42","modified_gmt":"2025-02-17T13:09:42","slug":"hardware","status":"publish","type":"page","link":"https:\/\/www.exterra-services.cz\/index.php\/hardware\/","title":{"rendered":"Hardware"},"content":{"rendered":"<p><span style=\"color: #000000;\">Dod\u00e1vky hardware jsou pro n\u00e1s v\u011bt\u0161inou sou\u010d\u00e1st\u00ed rozs\u00e1hlej\u0161\u00edch \u0159e\u0161en\u00ed. Pokud jde o pouhou dod\u00e1vku hardwarov\u00e9ho vybaven\u00ed, b\u00fdv\u00e1 sou\u010d\u00e1st\u00ed dod\u00e1vky i nezbytn\u00e1 minim\u00e1ln\u00ed konfigurace. <\/span><\/p>\n<h4><span style=\"color: #000000;\"><strong>Ta je p\u0159edstavov\u00e1na n\u00e1sleduj\u00edc\u00edmi \u00fakony:<\/strong><\/span><\/h4>\n<hr \/>\n<ul>\n<li><span style=\"color: #000000;\">z\u00e1kladn\u00ed otestov\u00e1n\u00ed funk\u010dnosti<\/span><\/li>\n<li><span style=\"color: #000000;\">upgrade firmware\/software<\/span><\/li>\n<li><span style=\"color: #000000;\">z\u00e1kladn\u00ed konfigurace umo\u017e\u0148uj\u00edc\u00ed dal\u0161\u00ed spr\u00e1vu a konfiguraci<\/span><\/li>\n<\/ul>\n<hr \/>\n<h4><span style=\"color: #000000;\"><strong>Z hlediska zna\u010dek se orientujeme na nejv\u011bt\u0161\u00ed v\u00fdrobce v oboru:<\/strong><\/span><\/h4>\n<ul>\n<li><span style=\"color: #000000;\">Lenovo<\/span><\/li>\n<li><span style=\"color: #000000;\">Zyxel<\/span><\/li>\n<li><span style=\"color: #000000;\">Dell<\/span><\/li>\n<\/ul>\n","protected":false},"excerpt":{"rendered":"<p>Dod\u00e1vky hardware jsou pro n\u00e1s v\u011bt\u0161inou sou\u010d\u00e1st\u00ed rozs\u00e1hlej\u0161\u00edch \u0159e\u0161en\u00ed. Pokud jde o pouhou dod\u00e1vku hardwarov\u00e9ho vybaven\u00ed, b\u00fdv\u00e1 sou\u010d\u00e1st\u00ed dod\u00e1vky i nezbytn\u00e1 minim\u00e1ln\u00ed konfigurace. Ta je p\u0159edstavov\u00e1na n\u00e1sleduj\u00edc\u00edmi \u00fakony: z\u00e1kladn\u00ed otestov\u00e1n\u00ed funk\u010dnosti upgrade firmware\/software z\u00e1kladn\u00ed konfigurace umo\u017e\u0148uj\u00edc\u00ed dal\u0161\u00ed spr\u00e1vu a konfiguraci Z hlediska zna\u010dek se orientujeme na nejv\u011bt\u0161\u00ed v\u00fdrobce v oboru: Lenovo Zyxel Dell<\/p>\n","protected":false},"author":1,"featured_media":0,"parent":0,"menu_order":0,"comment_status":"closed","ping_status":"closed","template":"","meta":{"ocean_post_layout":"","ocean_both_sidebars_style":"","ocean_both_sidebars_content_width":0,"ocean_both_sidebars_sidebars_width":0,"ocean_sidebar":"0","ocean_second_sidebar":"0","ocean_disable_margins":"enable","ocean_add_body_class":"","ocean_shortcode_before_top_bar":"","ocean_shortcode_after_top_bar":"","ocean_shortcode_before_header":"","ocean_shortcode_after_header":"","ocean_has_shortcode":"","ocean_shortcode_after_title":"","ocean_shortcode_before_footer_widgets":"","ocean_shortcode_after_footer_widgets":"","ocean_shortcode_before_footer_bottom":"","ocean_shortcode_after_footer_bottom":"","ocean_display_top_bar":"default","ocean_display_header":"default","ocean_header_style":"","ocean_center_header_left_menu":"0","ocean_custom_header_template":"0","ocean_custom_logo":0,"ocean_custom_retina_logo":0,"ocean_custom_logo_max_width":0,"ocean_custom_logo_tablet_max_width":0,"ocean_custom_logo_mobile_max_width":0,"ocean_custom_logo_max_height":0,"ocean_custom_logo_tablet_max_height":0,"ocean_custom_logo_mobile_max_height":0,"ocean_header_custom_menu":"0","ocean_menu_typo_font_family":"0","ocean_menu_typo_font_subset":"","ocean_menu_typo_font_size":0,"ocean_menu_typo_font_size_tablet":0,"ocean_menu_typo_font_size_mobile":0,"ocean_menu_typo_font_size_unit":"px","ocean_menu_typo_font_weight":"","ocean_menu_typo_font_weight_tablet":"","ocean_menu_typo_font_weight_mobile":"","ocean_menu_typo_transform":"","ocean_menu_typo_transform_tablet":"","ocean_menu_typo_transform_mobile":"","ocean_menu_typo_line_height":0,"ocean_menu_typo_line_height_tablet":0,"ocean_menu_typo_line_height_mobile":0,"ocean_menu_typo_line_height_unit":"","ocean_menu_typo_spacing":0,"ocean_menu_typo_spacing_tablet":0,"ocean_menu_typo_spacing_mobile":0,"ocean_menu_typo_spacing_unit":"","ocean_menu_link_color":"","ocean_menu_link_color_hover":"","ocean_menu_link_color_active":"","ocean_menu_link_background":"","ocean_menu_link_hover_background":"","ocean_menu_link_active_background":"","ocean_menu_social_links_bg":"","ocean_menu_social_hover_links_bg":"","ocean_menu_social_links_color":"","ocean_menu_social_hover_links_color":"","ocean_disable_title":"default","ocean_disable_heading":"default","ocean_post_title":"","ocean_post_subheading":"","ocean_post_title_style":"","ocean_post_title_background_color":"","ocean_post_title_background":0,"ocean_post_title_bg_image_position":"","ocean_post_title_bg_image_attachment":"","ocean_post_title_bg_image_repeat":"","ocean_post_title_bg_image_size":"","ocean_post_title_height":0,"ocean_post_title_bg_overlay":0.5,"ocean_post_title_bg_overlay_color":"","ocean_disable_breadcrumbs":"default","ocean_breadcrumbs_color":"","ocean_breadcrumbs_separator_color":"","ocean_breadcrumbs_links_color":"","ocean_breadcrumbs_links_hover_color":"","ocean_display_footer_widgets":"default","ocean_display_footer_bottom":"default","ocean_custom_footer_template":"0","footnotes":""},"class_list":["post-476","page","type-page","status-publish","hentry","entry"],"yoast_head":"<!-- This site is optimized with the Yoast SEO plugin v27.1.1 - https:\/\/yoast.com\/product\/yoast-seo-wordpress\/ -->\n<title>Hardware &#8226; exTerra Services &#8226; profesion\u00e1ln\u00ed IT \u0159e\u0161en\u00ed<\/title>\n<meta name=\"description\" content=\"Dod\u00e1vky hardware jsou sou\u010d\u00e1st\u00ed rozs\u00e1hlej\u0161\u00edch \u0159e\u0161en\u00ed. Pokud jde o pouhou dod\u00e1vku hardwarov\u00e9ho vybaven\u00ed, b\u00fdv\u00e1 sou\u010d\u00e1st\u00ed dod\u00e1vky.\" \/>\n<meta name=\"robots\" content=\"index, follow, max-snippet:-1, max-image-preview:large, max-video-preview:-1\" \/>\n<link rel=\"canonical\" href=\"https:\/\/www.exterra-services.cz\/index.php\/hardware\/\" \/>\n<meta property=\"og:locale\" content=\"cs_CZ\" \/>\n<meta property=\"og:type\" content=\"article\" \/>\n<meta property=\"og:title\" content=\"Hardware &#8226; exTerra Services &#8226; profesion\u00e1ln\u00ed IT \u0159e\u0161en\u00ed\" \/>\n<meta property=\"og:description\" content=\"Dod\u00e1vky hardware jsou sou\u010d\u00e1st\u00ed rozs\u00e1hlej\u0161\u00edch \u0159e\u0161en\u00ed. Pokud jde o pouhou dod\u00e1vku hardwarov\u00e9ho vybaven\u00ed, b\u00fdv\u00e1 sou\u010d\u00e1st\u00ed dod\u00e1vky.\" \/>\n<meta property=\"og:url\" content=\"https:\/\/www.exterra-services.cz\/index.php\/hardware\/\" \/>\n<meta property=\"og:site_name\" content=\"exTerra Services\" \/>\n<meta property=\"article:modified_time\" content=\"2025-02-17T13:09:42+00:00\" \/>\n<meta name=\"twitter:card\" content=\"summary_large_image\" \/>\n<meta name=\"twitter:label1\" content=\"Odhadovan\u00e1 doba \u010dten\u00ed\" \/>\n\t<meta name=\"twitter:data1\" content=\"1 minuta\" \/>\n<script type=\"application\/ld+json\" class=\"yoast-schema-graph\">{\"@context\":\"https:\/\/schema.org\",\"@graph\":[{\"@type\":\"WebPage\",\"@id\":\"https:\/\/www.exterra-services.cz\/index.php\/hardware\/\",\"url\":\"https:\/\/www.exterra-services.cz\/index.php\/hardware\/\",\"name\":\"Hardware &#8226; exTerra Services &#8226; profesion\u00e1ln\u00ed IT \u0159e\u0161en\u00ed\",\"isPartOf\":{\"@id\":\"https:\/\/www.exterra-services.cz\/#website\"},\"datePublished\":\"2019-01-21T14:13:16+00:00\",\"dateModified\":\"2025-02-17T13:09:42+00:00\",\"description\":\"Dod\u00e1vky hardware jsou sou\u010d\u00e1st\u00ed rozs\u00e1hlej\u0161\u00edch \u0159e\u0161en\u00ed. Pokud jde o pouhou dod\u00e1vku hardwarov\u00e9ho vybaven\u00ed, b\u00fdv\u00e1 sou\u010d\u00e1st\u00ed dod\u00e1vky.\",\"breadcrumb\":{\"@id\":\"https:\/\/www.exterra-services.cz\/index.php\/hardware\/#breadcrumb\"},\"inLanguage\":\"cs\",\"potentialAction\":[{\"@type\":\"ReadAction\",\"target\":[\"https:\/\/www.exterra-services.cz\/index.php\/hardware\/\"]}]},{\"@type\":\"BreadcrumbList\",\"@id\":\"https:\/\/www.exterra-services.cz\/index.php\/hardware\/#breadcrumb\",\"itemListElement\":[{\"@type\":\"ListItem\",\"position\":1,\"name\":\"Dom\u016f\",\"item\":\"https:\/\/www.exterra-services.cz\/\"},{\"@type\":\"ListItem\",\"position\":2,\"name\":\"Hardware\"}]},{\"@type\":\"WebSite\",\"@id\":\"https:\/\/www.exterra-services.cz\/#website\",\"url\":\"https:\/\/www.exterra-services.cz\/\",\"name\":\"exTerra Services\",\"description\":\"profesion\u00e1ln\u00ed IT \u0159e\u0161en\u00ed\",\"publisher\":{\"@id\":\"https:\/\/www.exterra-services.cz\/#organization\"},\"potentialAction\":[{\"@type\":\"SearchAction\",\"target\":{\"@type\":\"EntryPoint\",\"urlTemplate\":\"https:\/\/www.exterra-services.cz\/?s={search_term_string}\"},\"query-input\":{\"@type\":\"PropertyValueSpecification\",\"valueRequired\":true,\"valueName\":\"search_term_string\"}}],\"inLanguage\":\"cs\"},{\"@type\":\"Organization\",\"@id\":\"https:\/\/www.exterra-services.cz\/#organization\",\"name\":\"exTerra Services s.r.o.\",\"url\":\"https:\/\/www.exterra-services.cz\/\",\"logo\":{\"@type\":\"ImageObject\",\"inLanguage\":\"cs\",\"@id\":\"https:\/\/www.exterra-services.cz\/#\/schema\/logo\/image\/\",\"url\":\"https:\/\/www.exterra-services.cz\/wp-content\/uploads\/2018\/12\/logo.png\",\"contentUrl\":\"https:\/\/www.exterra-services.cz\/wp-content\/uploads\/2018\/12\/logo.png\",\"width\":1280,\"height\":720,\"caption\":\"exTerra Services s.r.o.\"},\"image\":{\"@id\":\"https:\/\/www.exterra-services.cz\/#\/schema\/logo\/image\/\"}}]}<\/script>\n<!-- \/ Yoast SEO plugin. -->","yoast_head_json":{"title":"Hardware &#8226; exTerra Services &#8226; profesion\u00e1ln\u00ed IT \u0159e\u0161en\u00ed","description":"Dod\u00e1vky hardware jsou sou\u010d\u00e1st\u00ed rozs\u00e1hlej\u0161\u00edch \u0159e\u0161en\u00ed. Pokud jde o pouhou dod\u00e1vku hardwarov\u00e9ho vybaven\u00ed, b\u00fdv\u00e1 sou\u010d\u00e1st\u00ed dod\u00e1vky.","robots":{"index":"index","follow":"follow","max-snippet":"max-snippet:-1","max-image-preview":"max-image-preview:large","max-video-preview":"max-video-preview:-1"},"canonical":"https:\/\/www.exterra-services.cz\/index.php\/hardware\/","og_locale":"cs_CZ","og_type":"article","og_title":"Hardware &#8226; exTerra Services &#8226; profesion\u00e1ln\u00ed IT \u0159e\u0161en\u00ed","og_description":"Dod\u00e1vky hardware jsou sou\u010d\u00e1st\u00ed rozs\u00e1hlej\u0161\u00edch \u0159e\u0161en\u00ed. Pokud jde o pouhou dod\u00e1vku hardwarov\u00e9ho vybaven\u00ed, b\u00fdv\u00e1 sou\u010d\u00e1st\u00ed dod\u00e1vky.","og_url":"https:\/\/www.exterra-services.cz\/index.php\/hardware\/","og_site_name":"exTerra Services","article_modified_time":"2025-02-17T13:09:42+00:00","twitter_card":"summary_large_image","twitter_misc":{"Odhadovan\u00e1 doba \u010dten\u00ed":"1 minuta"},"schema":{"@context":"https:\/\/schema.org","@graph":[{"@type":"WebPage","@id":"https:\/\/www.exterra-services.cz\/index.php\/hardware\/","url":"https:\/\/www.exterra-services.cz\/index.php\/hardware\/","name":"Hardware &#8226; exTerra Services &#8226; profesion\u00e1ln\u00ed IT \u0159e\u0161en\u00ed","isPartOf":{"@id":"https:\/\/www.exterra-services.cz\/#website"},"datePublished":"2019-01-21T14:13:16+00:00","dateModified":"2025-02-17T13:09:42+00:00","description":"Dod\u00e1vky hardware jsou sou\u010d\u00e1st\u00ed rozs\u00e1hlej\u0161\u00edch \u0159e\u0161en\u00ed. Pokud jde o pouhou dod\u00e1vku hardwarov\u00e9ho vybaven\u00ed, b\u00fdv\u00e1 sou\u010d\u00e1st\u00ed dod\u00e1vky.","breadcrumb":{"@id":"https:\/\/www.exterra-services.cz\/index.php\/hardware\/#breadcrumb"},"inLanguage":"cs","potentialAction":[{"@type":"ReadAction","target":["https:\/\/www.exterra-services.cz\/index.php\/hardware\/"]}]},{"@type":"BreadcrumbList","@id":"https:\/\/www.exterra-services.cz\/index.php\/hardware\/#breadcrumb","itemListElement":[{"@type":"ListItem","position":1,"name":"Dom\u016f","item":"https:\/\/www.exterra-services.cz\/"},{"@type":"ListItem","position":2,"name":"Hardware"}]},{"@type":"WebSite","@id":"https:\/\/www.exterra-services.cz\/#website","url":"https:\/\/www.exterra-services.cz\/","name":"exTerra Services","description":"profesion\u00e1ln\u00ed IT \u0159e\u0161en\u00ed","publisher":{"@id":"https:\/\/www.exterra-services.cz\/#organization"},"potentialAction":[{"@type":"SearchAction","target":{"@type":"EntryPoint","urlTemplate":"https:\/\/www.exterra-services.cz\/?s={search_term_string}"},"query-input":{"@type":"PropertyValueSpecification","valueRequired":true,"valueName":"search_term_string"}}],"inLanguage":"cs"},{"@type":"Organization","@id":"https:\/\/www.exterra-services.cz\/#organization","name":"exTerra Services s.r.o.","url":"https:\/\/www.exterra-services.cz\/","logo":{"@type":"ImageObject","inLanguage":"cs","@id":"https:\/\/www.exterra-services.cz\/#\/schema\/logo\/image\/","url":"https:\/\/www.exterra-services.cz\/wp-content\/uploads\/2018\/12\/logo.png","contentUrl":"https:\/\/www.exterra-services.cz\/wp-content\/uploads\/2018\/12\/logo.png","width":1280,"height":720,"caption":"exTerra Services s.r.o."},"image":{"@id":"https:\/\/www.exterra-services.cz\/#\/schema\/logo\/image\/"}}]}},"jetpack_sharing_enabled":true,"_links":{"self":[{"href":"https:\/\/www.exterra-services.cz\/index.php\/wp-json\/wp\/v2\/pages\/476","targetHints":{"allow":["GET"]}}],"collection":[{"href":"https:\/\/www.exterra-services.cz\/index.php\/wp-json\/wp\/v2\/pages"}],"about":[{"href":"https:\/\/www.exterra-services.cz\/index.php\/wp-json\/wp\/v2\/types\/page"}],"author":[{"embeddable":true,"href":"https:\/\/www.exterra-services.cz\/index.php\/wp-json\/wp\/v2\/users\/1"}],"replies":[{"embeddable":true,"href":"https:\/\/www.exterra-services.cz\/index.php\/wp-json\/wp\/v2\/comments?post=476"}],"version-history":[{"count":5,"href":"https:\/\/www.exterra-services.cz\/index.php\/wp-json\/wp\/v2\/pages\/476\/revisions"}],"predecessor-version":[{"id":4651,"href":"https:\/\/www.exterra-services.cz\/index.php\/wp-json\/wp\/v2\/pages\/476\/revisions\/4651"}],"wp:attachment":[{"href":"https:\/\/www.exterra-services.cz\/index.php\/wp-json\/wp\/v2\/media?parent=476"}],"curies":[{"name":"wp","href":"https:\/\/api.w.org\/{rel}","templated":true}]}}