{"id":4714,"date":"2025-03-03T22:07:20","date_gmt":"2025-03-03T21:07:20","guid":{"rendered":"https:\/\/www.exterra-services.cz\/?page_id=4714"},"modified":"2026-02-24T12:25:08","modified_gmt":"2026-02-24T11:25:08","slug":"proxmox","status":"publish","type":"page","link":"https:\/\/www.exterra-services.cz\/index.php\/proxmox\/","title":{"rendered":"Proxmox"},"content":{"rendered":"\t\t<div data-elementor-type=\"wp-page\" data-elementor-id=\"4714\" class=\"elementor elementor-4714\">\n\t\t\t\t\t\t<section class=\"elementor-section elementor-top-section elementor-element elementor-element-6a70989 elementor-section-boxed elementor-section-height-default elementor-section-height-default\" data-id=\"6a70989\" data-element_type=\"section\" data-e-type=\"section\">\n\t\t\t\t\t\t<div class=\"elementor-container elementor-column-gap-default\">\n\t\t\t\t\t<div class=\"elementor-column elementor-col-100 elementor-top-column elementor-element elementor-element-0038c61\" data-id=\"0038c61\" data-element_type=\"column\" data-e-type=\"column\">\n\t\t\t<div class=\"elementor-widget-wrap elementor-element-populated\">\n\t\t\t\t\t\t<div class=\"elementor-element elementor-element-fe0e893 elementor-widget elementor-widget-image\" data-id=\"fe0e893\" data-element_type=\"widget\" data-e-type=\"widget\" data-widget_type=\"image.default\">\n\t\t\t\t<div class=\"elementor-widget-container\">\n\t\t\t\t\t\t\t\t\t\t\t\t\t\t\t<img fetchpriority=\"high\" decoding=\"async\" width=\"300\" height=\"300\" src=\"https:\/\/www.exterra-services.cz\/wp-content\/uploads\/2026\/02\/proxmox-authorized-reseller-logo-inverted-color-300px.png\" class=\"attachment-large size-large wp-image-4925\" alt=\"\" srcset=\"https:\/\/www.exterra-services.cz\/wp-content\/uploads\/2026\/02\/proxmox-authorized-reseller-logo-inverted-color-300px.png 300w, https:\/\/www.exterra-services.cz\/wp-content\/uploads\/2026\/02\/proxmox-authorized-reseller-logo-inverted-color-300px-150x150.png 150w\" sizes=\"(max-width: 300px) 100vw, 300px\" \/>\t\t\t\t\t\t\t\t\t\t\t\t\t\t\t<\/div>\n\t\t\t\t<\/div>\n\t\t\t\t\t<\/div>\n\t\t<\/div>\n\t\t\t\t\t<\/div>\n\t\t<\/section>\n\t\t\t\t<section class=\"elementor-section elementor-top-section elementor-element elementor-element-7f6bcb00 elementor-section-boxed elementor-section-height-default elementor-section-height-default\" data-id=\"7f6bcb00\" data-element_type=\"section\" data-e-type=\"section\">\n\t\t\t\t\t\t<div class=\"elementor-container elementor-column-gap-default\">\n\t\t\t\t\t<div class=\"elementor-column elementor-col-100 elementor-top-column elementor-element elementor-element-1d7354c4\" data-id=\"1d7354c4\" data-element_type=\"column\" data-e-type=\"column\">\n\t\t\t<div class=\"elementor-widget-wrap elementor-element-populated\">\n\t\t\t\t\t\t<div class=\"elementor-element elementor-element-6411274 elementor-widget elementor-widget-text-editor\" data-id=\"6411274\" data-element_type=\"widget\" data-e-type=\"widget\" data-widget_type=\"text-editor.default\">\n\t\t\t\t<div class=\"elementor-widget-container\">\n\t\t\t\t\t\t\t\t\t<p><span style=\"color: #000000;\"><\/span><\/p>\n<h4><span style=\"color: #000000;\"><strong>Pro\u010d Proxmox?<\/strong><\/span><\/h4>\n<p><a href=\"https:\/\/proxmox.com\/en\/\" target=\"_blank\" rel=\"noreferrer noopener\">Proxmox Virtual Environment <\/a>(Proxmox VE) je open-source platforma pro virtualizaci server\u016f. Vyu\u017e\u00edv\u00e1 technologie KVM (Kernel-based Virtual Machine) pro plnou virtualizaci a LXC (Linux Containers) pro virtualizaci na \u00farovni opera\u010dn\u00edho syst\u00e9mu. D\u00edky jednoduch\u00e9mu webov\u00e9mu rozhran\u00ed m\u016f\u017eete spravovat virtu\u00e1ln\u00ed stroje, kontejnery, \u00falo\u017ei\u0161t\u011b a s\u00edt\u011b.<\/p>\n<p><span style=\"color: #000000;\"><\/span><\/p>\n<p><span style=\"color: #000000;\"><strong>V\u00fdhody pro z\u00e1kazn\u00edka:<\/strong><\/span><\/p>\n<p><span style=\"color: #000000;\"><\/span><\/p>\n<ul class=\"wp-block-list\">\n<li><a href=\"https:\/\/linux-kvm.org\/page\/Main_Page\">Kernel-based Virtual Machine<\/a> (KVM) &#8211; OpenSource ov\u011b\u0159en\u00e1 platforma pro virtualizaci<\/li>\n<li>virtualizace kontejner\u016f s vyu\u017eit\u00edm standardu <a href=\"https:\/\/linuxcontainers.org\/lxc\/introduction\/\">Linux Containers<\/a> (LXC)<\/li>\n<li>proxmox VE High Availability (HA) Cluster \u2013 zaji\u0161t\u011bn\u00ed vysok\u00e9 dostupnosti je v\u011bc\u00ed n\u011bkolika kliknut\u00ed<\/li>\n<li>pokro\u010d\u00edl\u00e1 spr\u00e1va s\u00edt\u00ed \u2013 PVE poskytuje vysp\u011bl\u00e9 mo\u017enosti softwarov\u011b definovan\u00fdch s\u00edt\u00ed (Software-Defined Network \u2013 SDN)<\/li>\n<li>bezpe\u010dnost \u2013 Proxmox VE poskytuje vysokou m\u00edru zabezpe\u010den\u00ed a celou \u0161k\u00e1lu n\u00e1stroj\u016f<\/li>\n<li>vynikaj\u00edc\u00ed technick\u00e1 podpora<\/li>\n<li>podpora komunity u\u017eivatel\u016f &#8211; blogy, e-ziny, partnersk\u00e9 semin\u00e1\u0159e, atd.<\/li>\n<li>podpora t\u0159et\u00edch v\u00fdrobc\u016f software (Veeam, NAKIVO,&#8230;)<\/li>\n<\/ul>\n<p><span style=\"color: #000000;\"><\/span><\/p>\n<h4><span style=\"color: #000000;\"><strong>Oblasti \u0159e\u0161en\u00ed a produkty:<\/strong><\/span><\/h4>\n<p><span style=\"color: #000000;\"><\/span><\/p>\n<ul class=\"wp-block-list\">\n<li><a style=\"color: #000000;\" href=\"https:\/\/www.proxmox.com\/en\/products\/proxmox-virtual-environment\/overview\"><strong>Proxmox Virtual Environment<\/strong><\/a><strong>\u00a0&#8211; <\/strong>virtualiza\u010dn\u00ed platforma postaven\u00e1 na ov\u011b\u0159en\u00e9 a stabiln\u00ed technologii KVM \u2022 (<a href=\"https:\/\/linux-kvm.org\/page\/Main_Page\">Kernel-based Virtual Machine<\/a>).<\/li>\n<li><a href=\"https:\/\/www.proxmox.com\/en\/products\/proxmox-backup-server\/overview\"><strong>Proxmox<\/strong> <strong>Backup Server<\/strong><\/a> &#8211; syst\u00e9m z\u00e1lohov\u00e1n\u00ed Proxmox VE prost\u0159ed\u00ed<\/li>\n<\/ul>\n<p>\u00a0<\/p>\n<p><span style=\"color: #000000;\"><\/span><\/p>\t\t\t\t\t\t\t\t<\/div>\n\t\t\t\t<\/div>\n\t\t\t\t\t<\/div>\n\t\t<\/div>\n\t\t\t\t\t<\/div>\n\t\t<\/section>\n\t\t\t\t<\/div>\n\t\t","protected":false},"excerpt":{"rendered":"<p>Pro\u010d Proxmox? Proxmox Virtual Environment (Proxmox VE) je open-source platforma pro virtualizaci server\u016f. Vyu\u017e\u00edv\u00e1 technologie KVM (Kernel-based Virtual Machine) pro plnou virtualizaci a LXC (Linux Containers) pro virtualizaci na \u00farovni opera\u010dn\u00edho syst\u00e9mu. D\u00edky jednoduch\u00e9mu webov\u00e9mu rozhran\u00ed m\u016f\u017eete spravovat virtu\u00e1ln\u00ed stroje, kontejnery, \u00falo\u017ei\u0161t\u011b a s\u00edt\u011b. Kernel-based Virtual Machine (KVM) &#8211; OpenSource ov\u011b\u0159en\u00e1 platforma pro virtualizaci virtualizace [&hellip;]<\/p>\n","protected":false},"author":1,"featured_media":0,"parent":0,"menu_order":0,"comment_status":"closed","ping_status":"closed","template":"","meta":{"ocean_post_layout":"","ocean_both_sidebars_style":"","ocean_both_sidebars_content_width":0,"ocean_both_sidebars_sidebars_width":0,"ocean_sidebar":"","ocean_second_sidebar":"","ocean_disable_margins":"enable","ocean_add_body_class":"","ocean_shortcode_before_top_bar":"","ocean_shortcode_after_top_bar":"","ocean_shortcode_before_header":"","ocean_shortcode_after_header":"","ocean_has_shortcode":"","ocean_shortcode_after_title":"","ocean_shortcode_before_footer_widgets":"","ocean_shortcode_after_footer_widgets":"","ocean_shortcode_before_footer_bottom":"","ocean_shortcode_after_footer_bottom":"","ocean_display_top_bar":"default","ocean_display_header":"default","ocean_header_style":"","ocean_center_header_left_menu":"","ocean_custom_header_template":"","ocean_custom_logo":0,"ocean_custom_retina_logo":0,"ocean_custom_logo_max_width":0,"ocean_custom_logo_tablet_max_width":0,"ocean_custom_logo_mobile_max_width":0,"ocean_custom_logo_max_height":0,"ocean_custom_logo_tablet_max_height":0,"ocean_custom_logo_mobile_max_height":0,"ocean_header_custom_menu":"","ocean_menu_typo_font_family":"","ocean_menu_typo_font_subset":"","ocean_menu_typo_font_size":0,"ocean_menu_typo_font_size_tablet":0,"ocean_menu_typo_font_size_mobile":0,"ocean_menu_typo_font_size_unit":"px","ocean_menu_typo_font_weight":"","ocean_menu_typo_font_weight_tablet":"","ocean_menu_typo_font_weight_mobile":"","ocean_menu_typo_transform":"","ocean_menu_typo_transform_tablet":"","ocean_menu_typo_transform_mobile":"","ocean_menu_typo_line_height":0,"ocean_menu_typo_line_height_tablet":0,"ocean_menu_typo_line_height_mobile":0,"ocean_menu_typo_line_height_unit":"","ocean_menu_typo_spacing":0,"ocean_menu_typo_spacing_tablet":0,"ocean_menu_typo_spacing_mobile":0,"ocean_menu_typo_spacing_unit":"","ocean_menu_link_color":"","ocean_menu_link_color_hover":"","ocean_menu_link_color_active":"","ocean_menu_link_background":"","ocean_menu_link_hover_background":"","ocean_menu_link_active_background":"","ocean_menu_social_links_bg":"","ocean_menu_social_hover_links_bg":"","ocean_menu_social_links_color":"","ocean_menu_social_hover_links_color":"","ocean_disable_title":"default","ocean_disable_heading":"default","ocean_post_title":"","ocean_post_subheading":"","ocean_post_title_style":"","ocean_post_title_background_color":"","ocean_post_title_background":0,"ocean_post_title_bg_image_position":"","ocean_post_title_bg_image_attachment":"","ocean_post_title_bg_image_repeat":"","ocean_post_title_bg_image_size":"","ocean_post_title_height":0,"ocean_post_title_bg_overlay":0.5,"ocean_post_title_bg_overlay_color":"","ocean_disable_breadcrumbs":"default","ocean_breadcrumbs_color":"","ocean_breadcrumbs_separator_color":"","ocean_breadcrumbs_links_color":"","ocean_breadcrumbs_links_hover_color":"","ocean_display_footer_widgets":"default","ocean_display_footer_bottom":"default","ocean_custom_footer_template":"","footnotes":""},"class_list":["post-4714","page","type-page","status-publish","hentry","entry"],"yoast_head":"<!-- This site is optimized with the Yoast SEO plugin v27.4 - https:\/\/yoast.com\/product\/yoast-seo-wordpress\/ -->\n<title>Proxmox &#8226; exTerra Services &#8226; profesion\u00e1ln\u00ed IT \u0159e\u0161en\u00ed<\/title>\n<meta name=\"robots\" content=\"index, follow, max-snippet:-1, max-image-preview:large, max-video-preview:-1\" \/>\n<link rel=\"canonical\" href=\"https:\/\/www.exterra-services.cz\/index.php\/proxmox\/\" \/>\n<meta property=\"og:locale\" content=\"cs_CZ\" \/>\n<meta property=\"og:type\" content=\"article\" \/>\n<meta property=\"og:title\" content=\"Proxmox &#8226; exTerra Services &#8226; profesion\u00e1ln\u00ed IT \u0159e\u0161en\u00ed\" \/>\n<meta property=\"og:description\" content=\"Pro\u010d Proxmox? Proxmox Virtual Environment (Proxmox VE) je open-source platforma pro virtualizaci server\u016f. Vyu\u017e\u00edv\u00e1 technologie KVM (Kernel-based Virtual Machine) pro plnou virtualizaci a LXC (Linux Containers) pro virtualizaci na \u00farovni opera\u010dn\u00edho syst\u00e9mu. D\u00edky jednoduch\u00e9mu webov\u00e9mu rozhran\u00ed m\u016f\u017eete spravovat virtu\u00e1ln\u00ed stroje, kontejnery, \u00falo\u017ei\u0161t\u011b a s\u00edt\u011b. Kernel-based Virtual Machine (KVM) &#8211; OpenSource ov\u011b\u0159en\u00e1 platforma pro virtualizaci virtualizace [&hellip;]\" \/>\n<meta property=\"og:url\" content=\"https:\/\/www.exterra-services.cz\/index.php\/proxmox\/\" \/>\n<meta property=\"og:site_name\" content=\"exTerra Services\" \/>\n<meta property=\"article:modified_time\" content=\"2026-02-24T11:25:08+00:00\" \/>\n<meta property=\"og:image\" content=\"https:\/\/www.exterra-services.cz\/wp-content\/uploads\/2026\/02\/proxmox-authorized-reseller-logo-inverted-color-300px.png\" \/>\n\t<meta property=\"og:image:width\" content=\"300\" \/>\n\t<meta property=\"og:image:height\" content=\"300\" \/>\n\t<meta property=\"og:image:type\" content=\"image\/png\" \/>\n<meta name=\"twitter:card\" content=\"summary_large_image\" \/>\n<meta name=\"twitter:label1\" content=\"Odhadovan\u00e1 doba \u010dten\u00ed\" \/>\n\t<meta name=\"twitter:data1\" content=\"1 minuta\" \/>\n<script type=\"application\/ld+json\" class=\"yoast-schema-graph\">{\"@context\":\"https:\\\/\\\/schema.org\",\"@graph\":[{\"@type\":\"WebPage\",\"@id\":\"https:\\\/\\\/www.exterra-services.cz\\\/index.php\\\/proxmox\\\/\",\"url\":\"https:\\\/\\\/www.exterra-services.cz\\\/index.php\\\/proxmox\\\/\",\"name\":\"Proxmox &#8226; exTerra Services &#8226; profesion\u00e1ln\u00ed IT \u0159e\u0161en\u00ed\",\"isPartOf\":{\"@id\":\"https:\\\/\\\/www.exterra-services.cz\\\/#website\"},\"primaryImageOfPage\":{\"@id\":\"https:\\\/\\\/www.exterra-services.cz\\\/index.php\\\/proxmox\\\/#primaryimage\"},\"image\":{\"@id\":\"https:\\\/\\\/www.exterra-services.cz\\\/index.php\\\/proxmox\\\/#primaryimage\"},\"thumbnailUrl\":\"https:\\\/\\\/www.exterra-services.cz\\\/wp-content\\\/uploads\\\/2026\\\/02\\\/proxmox-authorized-reseller-logo-inverted-color-300px.png\",\"datePublished\":\"2025-03-03T21:07:20+00:00\",\"dateModified\":\"2026-02-24T11:25:08+00:00\",\"breadcrumb\":{\"@id\":\"https:\\\/\\\/www.exterra-services.cz\\\/index.php\\\/proxmox\\\/#breadcrumb\"},\"inLanguage\":\"cs\",\"potentialAction\":[{\"@type\":\"ReadAction\",\"target\":[\"https:\\\/\\\/www.exterra-services.cz\\\/index.php\\\/proxmox\\\/\"]}]},{\"@type\":\"ImageObject\",\"inLanguage\":\"cs\",\"@id\":\"https:\\\/\\\/www.exterra-services.cz\\\/index.php\\\/proxmox\\\/#primaryimage\",\"url\":\"https:\\\/\\\/www.exterra-services.cz\\\/wp-content\\\/uploads\\\/2026\\\/02\\\/proxmox-authorized-reseller-logo-inverted-color-300px.png\",\"contentUrl\":\"https:\\\/\\\/www.exterra-services.cz\\\/wp-content\\\/uploads\\\/2026\\\/02\\\/proxmox-authorized-reseller-logo-inverted-color-300px.png\",\"width\":300,\"height\":300},{\"@type\":\"BreadcrumbList\",\"@id\":\"https:\\\/\\\/www.exterra-services.cz\\\/index.php\\\/proxmox\\\/#breadcrumb\",\"itemListElement\":[{\"@type\":\"ListItem\",\"position\":1,\"name\":\"Dom\u016f\",\"item\":\"https:\\\/\\\/www.exterra-services.cz\\\/\"},{\"@type\":\"ListItem\",\"position\":2,\"name\":\"Proxmox\"}]},{\"@type\":\"WebSite\",\"@id\":\"https:\\\/\\\/www.exterra-services.cz\\\/#website\",\"url\":\"https:\\\/\\\/www.exterra-services.cz\\\/\",\"name\":\"exTerra Services\",\"description\":\"profesion\u00e1ln\u00ed IT \u0159e\u0161en\u00ed\",\"publisher\":{\"@id\":\"https:\\\/\\\/www.exterra-services.cz\\\/#organization\"},\"potentialAction\":[{\"@type\":\"SearchAction\",\"target\":{\"@type\":\"EntryPoint\",\"urlTemplate\":\"https:\\\/\\\/www.exterra-services.cz\\\/?s={search_term_string}\"},\"query-input\":{\"@type\":\"PropertyValueSpecification\",\"valueRequired\":true,\"valueName\":\"search_term_string\"}}],\"inLanguage\":\"cs\"},{\"@type\":\"Organization\",\"@id\":\"https:\\\/\\\/www.exterra-services.cz\\\/#organization\",\"name\":\"exTerra Services s.r.o.\",\"url\":\"https:\\\/\\\/www.exterra-services.cz\\\/\",\"logo\":{\"@type\":\"ImageObject\",\"inLanguage\":\"cs\",\"@id\":\"https:\\\/\\\/www.exterra-services.cz\\\/#\\\/schema\\\/logo\\\/image\\\/\",\"url\":\"https:\\\/\\\/www.exterra-services.cz\\\/wp-content\\\/uploads\\\/2018\\\/12\\\/logo.png\",\"contentUrl\":\"https:\\\/\\\/www.exterra-services.cz\\\/wp-content\\\/uploads\\\/2018\\\/12\\\/logo.png\",\"width\":1280,\"height\":720,\"caption\":\"exTerra Services s.r.o.\"},\"image\":{\"@id\":\"https:\\\/\\\/www.exterra-services.cz\\\/#\\\/schema\\\/logo\\\/image\\\/\"}}]}<\/script>\n<!-- \/ Yoast SEO plugin. -->","yoast_head_json":{"title":"Proxmox &#8226; exTerra Services &#8226; profesion\u00e1ln\u00ed IT \u0159e\u0161en\u00ed","robots":{"index":"index","follow":"follow","max-snippet":"max-snippet:-1","max-image-preview":"max-image-preview:large","max-video-preview":"max-video-preview:-1"},"canonical":"https:\/\/www.exterra-services.cz\/index.php\/proxmox\/","og_locale":"cs_CZ","og_type":"article","og_title":"Proxmox &#8226; exTerra Services &#8226; profesion\u00e1ln\u00ed IT \u0159e\u0161en\u00ed","og_description":"Pro\u010d Proxmox? Proxmox Virtual Environment (Proxmox VE) je open-source platforma pro virtualizaci server\u016f. Vyu\u017e\u00edv\u00e1 technologie KVM (Kernel-based Virtual Machine) pro plnou virtualizaci a LXC (Linux Containers) pro virtualizaci na \u00farovni opera\u010dn\u00edho syst\u00e9mu. D\u00edky jednoduch\u00e9mu webov\u00e9mu rozhran\u00ed m\u016f\u017eete spravovat virtu\u00e1ln\u00ed stroje, kontejnery, \u00falo\u017ei\u0161t\u011b a s\u00edt\u011b. Kernel-based Virtual Machine (KVM) &#8211; OpenSource ov\u011b\u0159en\u00e1 platforma pro virtualizaci virtualizace [&hellip;]","og_url":"https:\/\/www.exterra-services.cz\/index.php\/proxmox\/","og_site_name":"exTerra Services","article_modified_time":"2026-02-24T11:25:08+00:00","og_image":[{"width":300,"height":300,"url":"https:\/\/www.exterra-services.cz\/wp-content\/uploads\/2026\/02\/proxmox-authorized-reseller-logo-inverted-color-300px.png","type":"image\/png"}],"twitter_card":"summary_large_image","twitter_misc":{"Odhadovan\u00e1 doba \u010dten\u00ed":"1 minuta"},"schema":{"@context":"https:\/\/schema.org","@graph":[{"@type":"WebPage","@id":"https:\/\/www.exterra-services.cz\/index.php\/proxmox\/","url":"https:\/\/www.exterra-services.cz\/index.php\/proxmox\/","name":"Proxmox &#8226; exTerra Services &#8226; profesion\u00e1ln\u00ed IT \u0159e\u0161en\u00ed","isPartOf":{"@id":"https:\/\/www.exterra-services.cz\/#website"},"primaryImageOfPage":{"@id":"https:\/\/www.exterra-services.cz\/index.php\/proxmox\/#primaryimage"},"image":{"@id":"https:\/\/www.exterra-services.cz\/index.php\/proxmox\/#primaryimage"},"thumbnailUrl":"https:\/\/www.exterra-services.cz\/wp-content\/uploads\/2026\/02\/proxmox-authorized-reseller-logo-inverted-color-300px.png","datePublished":"2025-03-03T21:07:20+00:00","dateModified":"2026-02-24T11:25:08+00:00","breadcrumb":{"@id":"https:\/\/www.exterra-services.cz\/index.php\/proxmox\/#breadcrumb"},"inLanguage":"cs","potentialAction":[{"@type":"ReadAction","target":["https:\/\/www.exterra-services.cz\/index.php\/proxmox\/"]}]},{"@type":"ImageObject","inLanguage":"cs","@id":"https:\/\/www.exterra-services.cz\/index.php\/proxmox\/#primaryimage","url":"https:\/\/www.exterra-services.cz\/wp-content\/uploads\/2026\/02\/proxmox-authorized-reseller-logo-inverted-color-300px.png","contentUrl":"https:\/\/www.exterra-services.cz\/wp-content\/uploads\/2026\/02\/proxmox-authorized-reseller-logo-inverted-color-300px.png","width":300,"height":300},{"@type":"BreadcrumbList","@id":"https:\/\/www.exterra-services.cz\/index.php\/proxmox\/#breadcrumb","itemListElement":[{"@type":"ListItem","position":1,"name":"Dom\u016f","item":"https:\/\/www.exterra-services.cz\/"},{"@type":"ListItem","position":2,"name":"Proxmox"}]},{"@type":"WebSite","@id":"https:\/\/www.exterra-services.cz\/#website","url":"https:\/\/www.exterra-services.cz\/","name":"exTerra Services","description":"profesion\u00e1ln\u00ed IT \u0159e\u0161en\u00ed","publisher":{"@id":"https:\/\/www.exterra-services.cz\/#organization"},"potentialAction":[{"@type":"SearchAction","target":{"@type":"EntryPoint","urlTemplate":"https:\/\/www.exterra-services.cz\/?s={search_term_string}"},"query-input":{"@type":"PropertyValueSpecification","valueRequired":true,"valueName":"search_term_string"}}],"inLanguage":"cs"},{"@type":"Organization","@id":"https:\/\/www.exterra-services.cz\/#organization","name":"exTerra Services s.r.o.","url":"https:\/\/www.exterra-services.cz\/","logo":{"@type":"ImageObject","inLanguage":"cs","@id":"https:\/\/www.exterra-services.cz\/#\/schema\/logo\/image\/","url":"https:\/\/www.exterra-services.cz\/wp-content\/uploads\/2018\/12\/logo.png","contentUrl":"https:\/\/www.exterra-services.cz\/wp-content\/uploads\/2018\/12\/logo.png","width":1280,"height":720,"caption":"exTerra Services s.r.o."},"image":{"@id":"https:\/\/www.exterra-services.cz\/#\/schema\/logo\/image\/"}}]}},"jetpack_sharing_enabled":true,"_links":{"self":[{"href":"https:\/\/www.exterra-services.cz\/index.php\/wp-json\/wp\/v2\/pages\/4714","targetHints":{"allow":["GET"]}}],"collection":[{"href":"https:\/\/www.exterra-services.cz\/index.php\/wp-json\/wp\/v2\/pages"}],"about":[{"href":"https:\/\/www.exterra-services.cz\/index.php\/wp-json\/wp\/v2\/types\/page"}],"author":[{"embeddable":true,"href":"https:\/\/www.exterra-services.cz\/index.php\/wp-json\/wp\/v2\/users\/1"}],"replies":[{"embeddable":true,"href":"https:\/\/www.exterra-services.cz\/index.php\/wp-json\/wp\/v2\/comments?post=4714"}],"version-history":[{"count":16,"href":"https:\/\/www.exterra-services.cz\/index.php\/wp-json\/wp\/v2\/pages\/4714\/revisions"}],"predecessor-version":[{"id":4928,"href":"https:\/\/www.exterra-services.cz\/index.php\/wp-json\/wp\/v2\/pages\/4714\/revisions\/4928"}],"wp:attachment":[{"href":"https:\/\/www.exterra-services.cz\/index.php\/wp-json\/wp\/v2\/media?parent=4714"}],"curies":[{"name":"wp","href":"https:\/\/api.w.org\/{rel}","templated":true}]}}