{"id":4446,"date":"2024-01-17T11:55:03","date_gmt":"2024-01-17T10:55:03","guid":{"rendered":"https:\/\/www.exterra-services.cz\/?page_id=4446"},"modified":"2025-06-10T07:58:48","modified_gmt":"2025-06-10T05:58:48","slug":"stavime-bezpecnou-linux-infrastrukturu","status":"publish","type":"page","link":"https:\/\/www.exterra-services.cz\/index.php\/stavime-bezpecnou-linux-infrastrukturu\/","title":{"rendered":"Stav\u00edme bezpe\u010dnou Linux infrastrukturu"},"content":{"rendered":"\n<p>Smyslem tohoto kurzu je proj\u00edt s frekventanty praktickou formou konfiguraci bezpe\u010dn\u00e9 linuxov\u00e9 infrastruktury. Z\u00e1kladem je vybudov\u00e1n\u00ed stepping stone serveru (m\u016f\u017eete ho zn\u00e1t i pod n\u00e1zvy <a href=\"https:\/\/www.ssh.com\/academy\/iam\/jump-server\" target=\"_blank\" rel=\"noreferrer noopener\">jump server<\/a> nebo bastion host), masivn\u011b opevn\u011bn\u00e9ho serveru, kter\u00fd jedin\u00fd je opr\u00e1vn\u011bn navazovat spojen\u00ed pro spr\u00e1vu dal\u0161\u00edch linuxov\u00fdch server\u016f v infrastruktu\u0159e. V dal\u0161\u00edm kroku bude instalov\u00e1n a konfigurov\u00e1n koncov\u00fd linuxov\u00fd server s ohledem na v\u00fd\u0161e uveden\u00e1 omezen\u00ed komunikace. <\/p>\n\n\n\n<p><\/p>\n\n\n\n<ul class=\"wp-block-list\">\n<li>koncept \u201estepping stone\u201c serveru;<\/li>\n\n\n\n<li>fyzick\u00e1 instalace 2 Linux server\u016f;<\/li>\n\n\n\n<li>z\u00e1kladn\u00ed konfigurace server\u016f;<\/li>\n\n\n\n<li>z\u00e1kladn\u00ed konfigurace zabezpe\u010den\u00ed;<\/li>\n\n\n\n<li>integrace do Active Directory;<\/li>\n\n\n\n<li>rozd\u00edly v zabezpe\u010den\u00ed stepping stone a koncov\u00e9ho serveru;<\/li>\n\n\n\n<li>restrikce SSH p\u0159\u00edstup\u016f a pr\u00e1v SUDO;<\/li>\n\n\n\n<li>nastaven\u00ed nftables firewallu;<\/li>\n\n\n\n<li>implementace IPS syst\u00e9m\u016f fail2ban a AIDE;<\/li>\n\n\n\n<li>nastaven\u00ed logov\u00e1n\u00ed p\u0159\u00edstup\u016f k&nbsp;server\u016fm;<\/li>\n\n\n\n<li>otestov\u00e1n\u00ed funk\u010dnosti;<\/li>\n\n\n\n<li>z\u00e1sady \u00fadr\u017eby server\u016f;<\/li>\n<\/ul>\n\n\n\n<p>Rozsah \u0161kolen\u00ed: <strong>1 den<\/strong><\/p>\n\n\n\n<p>Cena\/osobu: <strong>5.900 K\u010d bez DPH<\/strong><\/p>\n\n\n\n<p>\u0160kolen\u00ed prob\u00edh\u00e1 online prost\u0159ednictv\u00edm platformy MS Teams.<\/p>\n\n\n\n<p>Pro \u0161kolen\u00ed je pou\u017eita distribuce CentOS 8 Stream (kompatibiln\u00ed s&nbsp;RHEL 8).<\/p>\n\n\n\n<p>Frekventanti maj\u00ed k&nbsp;dispozici vlastn\u00ed virtu\u00e1ln\u00ed servery, na nich\u017e budou cel\u00fd koncept budovat. Konfigurace sv\u00fdch server\u016f si po \u0161kolen\u00ed st\u00e1hnou k&nbsp;dal\u0161\u00edmu vyu\u017eit\u00ed ve vlastn\u00edch firm\u00e1ch. V&nbsp;p\u0159\u00edpad\u011b z\u00e1jmu si frekventant m\u016f\u017ee st\u00e1hnout cel\u00e9 VM, kter\u00e9 vybudoval.<\/p>\n\n\n\n<figure class=\"wp-block-gallery has-nested-images columns-default is-cropped wp-block-gallery-2 is-layout-flex wp-block-gallery-is-layout-flex\">\n<figure class=\"wp-block-image size-full\"><img fetchpriority=\"high\" decoding=\"async\" width=\"649\" height=\"454\" data-id=\"4463\" src=\"https:\/\/www.exterra-services.cz\/wp-content\/uploads\/2024\/01\/SteppingStoneLinux-1.png\" alt=\"\" class=\"wp-image-4463\" srcset=\"https:\/\/www.exterra-services.cz\/wp-content\/uploads\/2024\/01\/SteppingStoneLinux-1.png 649w, https:\/\/www.exterra-services.cz\/wp-content\/uploads\/2024\/01\/SteppingStoneLinux-1-300x210.png 300w\" sizes=\"(max-width: 649px) 100vw, 649px\" \/><figcaption class=\"wp-element-caption\">Koncept stepping stone serveru<\/figcaption><\/figure>\n<\/figure>\n","protected":false},"excerpt":{"rendered":"<p>Smyslem tohoto kurzu je proj\u00edt s frekventanty praktickou formou konfiguraci bezpe\u010dn\u00e9 linuxov\u00e9 infrastruktury. Z\u00e1kladem je vybudov\u00e1n\u00ed stepping stone serveru (m\u016f\u017eete ho zn\u00e1t i pod n\u00e1zvy jump server nebo bastion host), masivn\u011b opevn\u011bn\u00e9ho serveru, kter\u00fd jedin\u00fd je opr\u00e1vn\u011bn navazovat spojen\u00ed pro spr\u00e1vu dal\u0161\u00edch linuxov\u00fdch server\u016f v infrastruktu\u0159e. V dal\u0161\u00edm kroku bude instalov\u00e1n a konfigurov\u00e1n koncov\u00fd linuxov\u00fd [&hellip;]<\/p>\n","protected":false},"author":1,"featured_media":0,"parent":0,"menu_order":0,"comment_status":"closed","ping_status":"closed","template":"","meta":{"ocean_post_layout":"","ocean_both_sidebars_style":"","ocean_both_sidebars_content_width":0,"ocean_both_sidebars_sidebars_width":0,"ocean_sidebar":"0","ocean_second_sidebar":"0","ocean_disable_margins":"enable","ocean_add_body_class":"","ocean_shortcode_before_top_bar":"","ocean_shortcode_after_top_bar":"","ocean_shortcode_before_header":"","ocean_shortcode_after_header":"","ocean_has_shortcode":"","ocean_shortcode_after_title":"","ocean_shortcode_before_footer_widgets":"","ocean_shortcode_after_footer_widgets":"","ocean_shortcode_before_footer_bottom":"","ocean_shortcode_after_footer_bottom":"","ocean_display_top_bar":"default","ocean_display_header":"default","ocean_header_style":"","ocean_center_header_left_menu":"0","ocean_custom_header_template":"0","ocean_custom_logo":0,"ocean_custom_retina_logo":0,"ocean_custom_logo_max_width":0,"ocean_custom_logo_tablet_max_width":0,"ocean_custom_logo_mobile_max_width":0,"ocean_custom_logo_max_height":0,"ocean_custom_logo_tablet_max_height":0,"ocean_custom_logo_mobile_max_height":0,"ocean_header_custom_menu":"0","ocean_menu_typo_font_family":"0","ocean_menu_typo_font_subset":"","ocean_menu_typo_font_size":0,"ocean_menu_typo_font_size_tablet":0,"ocean_menu_typo_font_size_mobile":0,"ocean_menu_typo_font_size_unit":"px","ocean_menu_typo_font_weight":"","ocean_menu_typo_font_weight_tablet":"","ocean_menu_typo_font_weight_mobile":"","ocean_menu_typo_transform":"","ocean_menu_typo_transform_tablet":"","ocean_menu_typo_transform_mobile":"","ocean_menu_typo_line_height":0,"ocean_menu_typo_line_height_tablet":0,"ocean_menu_typo_line_height_mobile":0,"ocean_menu_typo_line_height_unit":"","ocean_menu_typo_spacing":0,"ocean_menu_typo_spacing_tablet":0,"ocean_menu_typo_spacing_mobile":0,"ocean_menu_typo_spacing_unit":"","ocean_menu_link_color":"","ocean_menu_link_color_hover":"","ocean_menu_link_color_active":"","ocean_menu_link_background":"","ocean_menu_link_hover_background":"","ocean_menu_link_active_background":"","ocean_menu_social_links_bg":"","ocean_menu_social_hover_links_bg":"","ocean_menu_social_links_color":"","ocean_menu_social_hover_links_color":"","ocean_disable_title":"default","ocean_disable_heading":"default","ocean_post_title":"","ocean_post_subheading":"","ocean_post_title_style":"","ocean_post_title_background_color":"","ocean_post_title_background":0,"ocean_post_title_bg_image_position":"","ocean_post_title_bg_image_attachment":"","ocean_post_title_bg_image_repeat":"","ocean_post_title_bg_image_size":"","ocean_post_title_height":0,"ocean_post_title_bg_overlay":0.5,"ocean_post_title_bg_overlay_color":"","ocean_disable_breadcrumbs":"default","ocean_breadcrumbs_color":"","ocean_breadcrumbs_separator_color":"","ocean_breadcrumbs_links_color":"","ocean_breadcrumbs_links_hover_color":"","ocean_display_footer_widgets":"default","ocean_display_footer_bottom":"default","ocean_custom_footer_template":"0","footnotes":""},"class_list":["post-4446","page","type-page","status-publish","hentry","entry"],"yoast_head":"<!-- This site is optimized with the Yoast SEO plugin v27.4 - https:\/\/yoast.com\/product\/yoast-seo-wordpress\/ -->\n<title>Stav\u00edme bezpe\u010dnou Linux infrastrukturu &#8226; exTerra Services &#8226; profesion\u00e1ln\u00ed IT \u0159e\u0161en\u00ed<\/title>\n<meta name=\"robots\" content=\"index, follow, max-snippet:-1, max-image-preview:large, max-video-preview:-1\" \/>\n<link rel=\"canonical\" href=\"https:\/\/www.exterra-services.cz\/index.php\/stavime-bezpecnou-linux-infrastrukturu\/\" \/>\n<meta property=\"og:locale\" content=\"cs_CZ\" \/>\n<meta property=\"og:type\" content=\"article\" \/>\n<meta property=\"og:title\" content=\"Stav\u00edme bezpe\u010dnou Linux infrastrukturu &#8226; exTerra Services &#8226; profesion\u00e1ln\u00ed IT \u0159e\u0161en\u00ed\" \/>\n<meta property=\"og:description\" content=\"Smyslem tohoto kurzu je proj\u00edt s frekventanty praktickou formou konfiguraci bezpe\u010dn\u00e9 linuxov\u00e9 infrastruktury. Z\u00e1kladem je vybudov\u00e1n\u00ed stepping stone serveru (m\u016f\u017eete ho zn\u00e1t i pod n\u00e1zvy jump server nebo bastion host), masivn\u011b opevn\u011bn\u00e9ho serveru, kter\u00fd jedin\u00fd je opr\u00e1vn\u011bn navazovat spojen\u00ed pro spr\u00e1vu dal\u0161\u00edch linuxov\u00fdch server\u016f v infrastruktu\u0159e. V dal\u0161\u00edm kroku bude instalov\u00e1n a konfigurov\u00e1n koncov\u00fd linuxov\u00fd [&hellip;]\" \/>\n<meta property=\"og:url\" content=\"https:\/\/www.exterra-services.cz\/index.php\/stavime-bezpecnou-linux-infrastrukturu\/\" \/>\n<meta property=\"og:site_name\" content=\"exTerra Services\" \/>\n<meta property=\"article:modified_time\" content=\"2025-06-10T05:58:48+00:00\" \/>\n<meta property=\"og:image\" content=\"https:\/\/www.exterra-services.cz\/wp-content\/uploads\/2024\/01\/SteppingStoneLinux-1.png\" \/>\n\t<meta property=\"og:image:width\" content=\"649\" \/>\n\t<meta property=\"og:image:height\" content=\"454\" \/>\n\t<meta property=\"og:image:type\" content=\"image\/png\" \/>\n<meta name=\"twitter:card\" content=\"summary_large_image\" \/>\n<meta name=\"twitter:label1\" content=\"Odhadovan\u00e1 doba \u010dten\u00ed\" \/>\n\t<meta name=\"twitter:data1\" content=\"2 minuty\" \/>\n<script type=\"application\/ld+json\" class=\"yoast-schema-graph\">{\"@context\":\"https:\\\/\\\/schema.org\",\"@graph\":[{\"@type\":\"WebPage\",\"@id\":\"https:\\\/\\\/www.exterra-services.cz\\\/index.php\\\/stavime-bezpecnou-linux-infrastrukturu\\\/\",\"url\":\"https:\\\/\\\/www.exterra-services.cz\\\/index.php\\\/stavime-bezpecnou-linux-infrastrukturu\\\/\",\"name\":\"Stav\u00edme bezpe\u010dnou Linux infrastrukturu &#8226; exTerra Services &#8226; profesion\u00e1ln\u00ed IT \u0159e\u0161en\u00ed\",\"isPartOf\":{\"@id\":\"https:\\\/\\\/www.exterra-services.cz\\\/#website\"},\"primaryImageOfPage\":{\"@id\":\"https:\\\/\\\/www.exterra-services.cz\\\/index.php\\\/stavime-bezpecnou-linux-infrastrukturu\\\/#primaryimage\"},\"image\":{\"@id\":\"https:\\\/\\\/www.exterra-services.cz\\\/index.php\\\/stavime-bezpecnou-linux-infrastrukturu\\\/#primaryimage\"},\"thumbnailUrl\":\"https:\\\/\\\/www.exterra-services.cz\\\/wp-content\\\/uploads\\\/2024\\\/01\\\/SteppingStoneLinux-1.png\",\"datePublished\":\"2024-01-17T10:55:03+00:00\",\"dateModified\":\"2025-06-10T05:58:48+00:00\",\"breadcrumb\":{\"@id\":\"https:\\\/\\\/www.exterra-services.cz\\\/index.php\\\/stavime-bezpecnou-linux-infrastrukturu\\\/#breadcrumb\"},\"inLanguage\":\"cs\",\"potentialAction\":[{\"@type\":\"ReadAction\",\"target\":[\"https:\\\/\\\/www.exterra-services.cz\\\/index.php\\\/stavime-bezpecnou-linux-infrastrukturu\\\/\"]}]},{\"@type\":\"ImageObject\",\"inLanguage\":\"cs\",\"@id\":\"https:\\\/\\\/www.exterra-services.cz\\\/index.php\\\/stavime-bezpecnou-linux-infrastrukturu\\\/#primaryimage\",\"url\":\"https:\\\/\\\/www.exterra-services.cz\\\/wp-content\\\/uploads\\\/2024\\\/01\\\/SteppingStoneLinux-1.png\",\"contentUrl\":\"https:\\\/\\\/www.exterra-services.cz\\\/wp-content\\\/uploads\\\/2024\\\/01\\\/SteppingStoneLinux-1.png\",\"width\":649,\"height\":454},{\"@type\":\"BreadcrumbList\",\"@id\":\"https:\\\/\\\/www.exterra-services.cz\\\/index.php\\\/stavime-bezpecnou-linux-infrastrukturu\\\/#breadcrumb\",\"itemListElement\":[{\"@type\":\"ListItem\",\"position\":1,\"name\":\"Dom\u016f\",\"item\":\"https:\\\/\\\/www.exterra-services.cz\\\/\"},{\"@type\":\"ListItem\",\"position\":2,\"name\":\"Stav\u00edme bezpe\u010dnou Linux infrastrukturu\"}]},{\"@type\":\"WebSite\",\"@id\":\"https:\\\/\\\/www.exterra-services.cz\\\/#website\",\"url\":\"https:\\\/\\\/www.exterra-services.cz\\\/\",\"name\":\"exTerra Services\",\"description\":\"profesion\u00e1ln\u00ed IT \u0159e\u0161en\u00ed\",\"publisher\":{\"@id\":\"https:\\\/\\\/www.exterra-services.cz\\\/#organization\"},\"potentialAction\":[{\"@type\":\"SearchAction\",\"target\":{\"@type\":\"EntryPoint\",\"urlTemplate\":\"https:\\\/\\\/www.exterra-services.cz\\\/?s={search_term_string}\"},\"query-input\":{\"@type\":\"PropertyValueSpecification\",\"valueRequired\":true,\"valueName\":\"search_term_string\"}}],\"inLanguage\":\"cs\"},{\"@type\":\"Organization\",\"@id\":\"https:\\\/\\\/www.exterra-services.cz\\\/#organization\",\"name\":\"exTerra Services s.r.o.\",\"url\":\"https:\\\/\\\/www.exterra-services.cz\\\/\",\"logo\":{\"@type\":\"ImageObject\",\"inLanguage\":\"cs\",\"@id\":\"https:\\\/\\\/www.exterra-services.cz\\\/#\\\/schema\\\/logo\\\/image\\\/\",\"url\":\"https:\\\/\\\/www.exterra-services.cz\\\/wp-content\\\/uploads\\\/2018\\\/12\\\/logo.png\",\"contentUrl\":\"https:\\\/\\\/www.exterra-services.cz\\\/wp-content\\\/uploads\\\/2018\\\/12\\\/logo.png\",\"width\":1280,\"height\":720,\"caption\":\"exTerra Services s.r.o.\"},\"image\":{\"@id\":\"https:\\\/\\\/www.exterra-services.cz\\\/#\\\/schema\\\/logo\\\/image\\\/\"}}]}<\/script>\n<!-- \/ Yoast SEO plugin. -->","yoast_head_json":{"title":"Stav\u00edme bezpe\u010dnou Linux infrastrukturu &#8226; exTerra Services &#8226; profesion\u00e1ln\u00ed IT \u0159e\u0161en\u00ed","robots":{"index":"index","follow":"follow","max-snippet":"max-snippet:-1","max-image-preview":"max-image-preview:large","max-video-preview":"max-video-preview:-1"},"canonical":"https:\/\/www.exterra-services.cz\/index.php\/stavime-bezpecnou-linux-infrastrukturu\/","og_locale":"cs_CZ","og_type":"article","og_title":"Stav\u00edme bezpe\u010dnou Linux infrastrukturu &#8226; exTerra Services &#8226; profesion\u00e1ln\u00ed IT \u0159e\u0161en\u00ed","og_description":"Smyslem tohoto kurzu je proj\u00edt s frekventanty praktickou formou konfiguraci bezpe\u010dn\u00e9 linuxov\u00e9 infrastruktury. Z\u00e1kladem je vybudov\u00e1n\u00ed stepping stone serveru (m\u016f\u017eete ho zn\u00e1t i pod n\u00e1zvy jump server nebo bastion host), masivn\u011b opevn\u011bn\u00e9ho serveru, kter\u00fd jedin\u00fd je opr\u00e1vn\u011bn navazovat spojen\u00ed pro spr\u00e1vu dal\u0161\u00edch linuxov\u00fdch server\u016f v infrastruktu\u0159e. V dal\u0161\u00edm kroku bude instalov\u00e1n a konfigurov\u00e1n koncov\u00fd linuxov\u00fd [&hellip;]","og_url":"https:\/\/www.exterra-services.cz\/index.php\/stavime-bezpecnou-linux-infrastrukturu\/","og_site_name":"exTerra Services","article_modified_time":"2025-06-10T05:58:48+00:00","og_image":[{"width":649,"height":454,"url":"https:\/\/www.exterra-services.cz\/wp-content\/uploads\/2024\/01\/SteppingStoneLinux-1.png","type":"image\/png"}],"twitter_card":"summary_large_image","twitter_misc":{"Odhadovan\u00e1 doba \u010dten\u00ed":"2 minuty"},"schema":{"@context":"https:\/\/schema.org","@graph":[{"@type":"WebPage","@id":"https:\/\/www.exterra-services.cz\/index.php\/stavime-bezpecnou-linux-infrastrukturu\/","url":"https:\/\/www.exterra-services.cz\/index.php\/stavime-bezpecnou-linux-infrastrukturu\/","name":"Stav\u00edme bezpe\u010dnou Linux infrastrukturu &#8226; exTerra Services &#8226; profesion\u00e1ln\u00ed IT \u0159e\u0161en\u00ed","isPartOf":{"@id":"https:\/\/www.exterra-services.cz\/#website"},"primaryImageOfPage":{"@id":"https:\/\/www.exterra-services.cz\/index.php\/stavime-bezpecnou-linux-infrastrukturu\/#primaryimage"},"image":{"@id":"https:\/\/www.exterra-services.cz\/index.php\/stavime-bezpecnou-linux-infrastrukturu\/#primaryimage"},"thumbnailUrl":"https:\/\/www.exterra-services.cz\/wp-content\/uploads\/2024\/01\/SteppingStoneLinux-1.png","datePublished":"2024-01-17T10:55:03+00:00","dateModified":"2025-06-10T05:58:48+00:00","breadcrumb":{"@id":"https:\/\/www.exterra-services.cz\/index.php\/stavime-bezpecnou-linux-infrastrukturu\/#breadcrumb"},"inLanguage":"cs","potentialAction":[{"@type":"ReadAction","target":["https:\/\/www.exterra-services.cz\/index.php\/stavime-bezpecnou-linux-infrastrukturu\/"]}]},{"@type":"ImageObject","inLanguage":"cs","@id":"https:\/\/www.exterra-services.cz\/index.php\/stavime-bezpecnou-linux-infrastrukturu\/#primaryimage","url":"https:\/\/www.exterra-services.cz\/wp-content\/uploads\/2024\/01\/SteppingStoneLinux-1.png","contentUrl":"https:\/\/www.exterra-services.cz\/wp-content\/uploads\/2024\/01\/SteppingStoneLinux-1.png","width":649,"height":454},{"@type":"BreadcrumbList","@id":"https:\/\/www.exterra-services.cz\/index.php\/stavime-bezpecnou-linux-infrastrukturu\/#breadcrumb","itemListElement":[{"@type":"ListItem","position":1,"name":"Dom\u016f","item":"https:\/\/www.exterra-services.cz\/"},{"@type":"ListItem","position":2,"name":"Stav\u00edme bezpe\u010dnou Linux infrastrukturu"}]},{"@type":"WebSite","@id":"https:\/\/www.exterra-services.cz\/#website","url":"https:\/\/www.exterra-services.cz\/","name":"exTerra Services","description":"profesion\u00e1ln\u00ed IT \u0159e\u0161en\u00ed","publisher":{"@id":"https:\/\/www.exterra-services.cz\/#organization"},"potentialAction":[{"@type":"SearchAction","target":{"@type":"EntryPoint","urlTemplate":"https:\/\/www.exterra-services.cz\/?s={search_term_string}"},"query-input":{"@type":"PropertyValueSpecification","valueRequired":true,"valueName":"search_term_string"}}],"inLanguage":"cs"},{"@type":"Organization","@id":"https:\/\/www.exterra-services.cz\/#organization","name":"exTerra Services s.r.o.","url":"https:\/\/www.exterra-services.cz\/","logo":{"@type":"ImageObject","inLanguage":"cs","@id":"https:\/\/www.exterra-services.cz\/#\/schema\/logo\/image\/","url":"https:\/\/www.exterra-services.cz\/wp-content\/uploads\/2018\/12\/logo.png","contentUrl":"https:\/\/www.exterra-services.cz\/wp-content\/uploads\/2018\/12\/logo.png","width":1280,"height":720,"caption":"exTerra Services s.r.o."},"image":{"@id":"https:\/\/www.exterra-services.cz\/#\/schema\/logo\/image\/"}}]}},"jetpack_sharing_enabled":true,"_links":{"self":[{"href":"https:\/\/www.exterra-services.cz\/index.php\/wp-json\/wp\/v2\/pages\/4446","targetHints":{"allow":["GET"]}}],"collection":[{"href":"https:\/\/www.exterra-services.cz\/index.php\/wp-json\/wp\/v2\/pages"}],"about":[{"href":"https:\/\/www.exterra-services.cz\/index.php\/wp-json\/wp\/v2\/types\/page"}],"author":[{"embeddable":true,"href":"https:\/\/www.exterra-services.cz\/index.php\/wp-json\/wp\/v2\/users\/1"}],"replies":[{"embeddable":true,"href":"https:\/\/www.exterra-services.cz\/index.php\/wp-json\/wp\/v2\/comments?post=4446"}],"version-history":[{"count":9,"href":"https:\/\/www.exterra-services.cz\/index.php\/wp-json\/wp\/v2\/pages\/4446\/revisions"}],"predecessor-version":[{"id":4865,"href":"https:\/\/www.exterra-services.cz\/index.php\/wp-json\/wp\/v2\/pages\/4446\/revisions\/4865"}],"wp:attachment":[{"href":"https:\/\/www.exterra-services.cz\/index.php\/wp-json\/wp\/v2\/media?parent=4446"}],"curies":[{"name":"wp","href":"https:\/\/api.w.org\/{rel}","templated":true}]}}