{"id":156,"date":"2018-12-03T18:06:48","date_gmt":"2018-12-03T17:06:48","guid":{"rendered":"http:\/\/192.168.156.19\/?page_id=156"},"modified":"2021-09-06T18:40:50","modified_gmt":"2021-09-06T16:40:50","slug":"zyxel","status":"publish","type":"page","link":"https:\/\/www.exterra-services.cz\/index.php\/zyxel\/","title":{"rendered":"ZyXEL"},"content":{"rendered":"\t\t<div data-elementor-type=\"wp-page\" data-elementor-id=\"156\" class=\"elementor elementor-156\">\n\t\t\t\t\t\t<section class=\"elementor-section elementor-top-section elementor-element elementor-element-6df41dc elementor-section-boxed elementor-section-height-default elementor-section-height-default\" data-id=\"6df41dc\" data-element_type=\"section\" data-e-type=\"section\">\n\t\t\t\t\t\t<div class=\"elementor-container elementor-column-gap-default\">\n\t\t\t\t\t<div class=\"elementor-column elementor-col-100 elementor-top-column elementor-element elementor-element-594aaf5\" data-id=\"594aaf5\" data-element_type=\"column\" data-e-type=\"column\">\n\t\t\t<div class=\"elementor-widget-wrap elementor-element-populated\">\n\t\t\t\t\t\t<div class=\"elementor-element elementor-element-745b36a5 elementor-widget elementor-widget-text-editor\" data-id=\"745b36a5\" data-element_type=\"widget\" data-e-type=\"widget\" data-widget_type=\"text-editor.default\">\n\t\t\t\t<div class=\"elementor-widget-container\">\n\t\t\t\t\t\t\t\t\t<p><span style=\"color: #000000;\"><\/span><\/p>\n<h3 class=\"wp-block-heading\"><span style=\"color: #000000;\">Pro\u010d ZyXEL?<\/span><\/h3>\n<p><span style=\"color: #000000;\"><\/span><\/p>\n<p><span style=\"color: #000000;\">V oblasti s\u00ed\u0165ov\u00e9 infrastruktury nab\u00edz\u00edme produkty spole\u010dnosti ZyXEL, zam\u011b\u0159en\u00e9 na mal\u00e9 a st\u0159edn\u011b velk\u00e9 firmy. Sv\u00fdm z\u00e1kazn\u00edk\u016fm jsme schopni navrhnout \u0159e\u0161en\u00ed p\u0159\u00edmo na m\u00edru tak, aby jej bylo mo\u017en\u00e9 kdykoliv roz\u0161\u00ed\u0159it, nebo aktualizovat. Jako dlouhodob\u00fd partner m\u016f\u017eeme tak\u00e9 zaru\u010dit vysokou \u00farove\u0148 podpory v\u0161ech produkt\u016f od jejich po\u010d\u00e1te\u010dn\u00ed konfigurace, zm\u011bny v konfiguraci a\u017e po pravidelnou aktualizaci, nebo servis.<\/span><\/p>\n<p><span style=\"color: #000000;\"><\/span><\/p>\n<h4><span style=\"color: #000000;\"><strong>V\u00fdhody pro z\u00e1kazn\u00edka:<\/strong><\/span><\/h4>\n<p><span style=\"color: #000000;\"><\/span><\/p>\n<ul class=\"wp-block-list\">\n<li><span style=\"color: #000000;\">produkty a \u0159e\u0161en\u00ed, kter\u00e9 jsou zalo\u017eeny na nejnov\u011bj\u0161\u00edch technologi\u00edch<\/span><\/li>\n<li><span style=\"color: #000000;\">d\u016fsledn\u00e9 dodr\u017eov\u00e1n\u00ed pr\u016fmyslov\u00fdch standard\u016f<\/span><\/li>\n<li><span style=\"color: #000000;\">v\u00edce ne\u017e 20let\u00e9 zku\u0161enosti s velk\u00fdmi sv\u011btov\u00fdmi telekomunika\u010dn\u00edmi spole\u010dnostmi a poskytovateli slu\u017eeb, i s v\u00edce ne\u017e 400 000 podnikov\u00fdmi z\u00e1kazn\u00edky<\/span><\/li>\n<li><span style=\"color: #000000;\">vysok\u00e1 kvalita a spolehlivost<\/span><\/li>\n<li><span style=\"color: #000000;\">obchodn\u00ed a servisn\u00ed partne\u0159i po cel\u00e9m sv\u011bt\u011b<\/span><\/li>\n<\/ul>\n<p><span style=\"color: #000000;\"><\/span><\/p>\n<h4><span style=\"color: #000000;\"><strong>Oblasti \u0159e\u0161en\u00ed a produkty:<\/strong><\/span><\/h4>\n<p><span style=\"color: #000000;\"><\/span><\/p>\n<ul class=\"wp-block-list\">\n<li><span style=\"color: #000000;\">Bezpe\u010dnostn\u00ed za\u0159\u00edzen\u00ed a slu\u017eby<\/span><\/li>\n<li><span style=\"color: #000000;\">Switche<\/span><\/li>\n<li><span style=\"color: #000000;\">WLAN p\u0159\u00edstupov\u00e9 body a kontrolery<\/span><\/li>\n<li><span style=\"color: #000000;\">Br\u00e1ny a firewally<\/span><\/li>\n<li><span style=\"color: #000000;\">Network Management<\/span><\/li>\n<\/ul>\n<p><span style=\"color: #000000;\"><\/span><\/p>\t\t\t\t\t\t\t\t<\/div>\n\t\t\t\t<\/div>\n\t\t\t\t\t<\/div>\n\t\t<\/div>\n\t\t\t\t\t<\/div>\n\t\t<\/section>\n\t\t\t\t<\/div>\n\t\t","protected":false},"excerpt":{"rendered":"<p>Pro\u010d ZyXEL? V oblasti s\u00ed\u0165ov\u00e9 infrastruktury nab\u00edz\u00edme produkty spole\u010dnosti ZyXEL, zam\u011b\u0159en\u00e9 na mal\u00e9 a st\u0159edn\u011b velk\u00e9 firmy. Sv\u00fdm z\u00e1kazn\u00edk\u016fm jsme schopni navrhnout \u0159e\u0161en\u00ed p\u0159\u00edmo na m\u00edru tak, aby jej bylo mo\u017en\u00e9 kdykoliv roz\u0161\u00ed\u0159it, nebo aktualizovat. Jako dlouhodob\u00fd partner m\u016f\u017eeme tak\u00e9 zaru\u010dit vysokou \u00farove\u0148 podpory v\u0161ech produkt\u016f od jejich po\u010d\u00e1te\u010dn\u00ed konfigurace, zm\u011bny v konfiguraci a\u017e po [&hellip;]<\/p>\n","protected":false},"author":1,"featured_media":0,"parent":0,"menu_order":0,"comment_status":"closed","ping_status":"closed","template":"","meta":{"ocean_post_layout":"","ocean_both_sidebars_style":"","ocean_both_sidebars_content_width":0,"ocean_both_sidebars_sidebars_width":0,"ocean_sidebar":"","ocean_second_sidebar":"","ocean_disable_margins":"enable","ocean_add_body_class":"","ocean_shortcode_before_top_bar":"","ocean_shortcode_after_top_bar":"","ocean_shortcode_before_header":"","ocean_shortcode_after_header":"","ocean_has_shortcode":"","ocean_shortcode_after_title":"","ocean_shortcode_before_footer_widgets":"","ocean_shortcode_after_footer_widgets":"","ocean_shortcode_before_footer_bottom":"","ocean_shortcode_after_footer_bottom":"","ocean_display_top_bar":"default","ocean_display_header":"default","ocean_header_style":"","ocean_center_header_left_menu":"","ocean_custom_header_template":"","ocean_custom_logo":0,"ocean_custom_retina_logo":0,"ocean_custom_logo_max_width":0,"ocean_custom_logo_tablet_max_width":0,"ocean_custom_logo_mobile_max_width":0,"ocean_custom_logo_max_height":0,"ocean_custom_logo_tablet_max_height":0,"ocean_custom_logo_mobile_max_height":0,"ocean_header_custom_menu":"","ocean_menu_typo_font_family":"","ocean_menu_typo_font_subset":"","ocean_menu_typo_font_size":0,"ocean_menu_typo_font_size_tablet":0,"ocean_menu_typo_font_size_mobile":0,"ocean_menu_typo_font_size_unit":"px","ocean_menu_typo_font_weight":"","ocean_menu_typo_font_weight_tablet":"","ocean_menu_typo_font_weight_mobile":"","ocean_menu_typo_transform":"","ocean_menu_typo_transform_tablet":"","ocean_menu_typo_transform_mobile":"","ocean_menu_typo_line_height":0,"ocean_menu_typo_line_height_tablet":0,"ocean_menu_typo_line_height_mobile":0,"ocean_menu_typo_line_height_unit":"","ocean_menu_typo_spacing":0,"ocean_menu_typo_spacing_tablet":0,"ocean_menu_typo_spacing_mobile":0,"ocean_menu_typo_spacing_unit":"","ocean_menu_link_color":"","ocean_menu_link_color_hover":"","ocean_menu_link_color_active":"","ocean_menu_link_background":"","ocean_menu_link_hover_background":"","ocean_menu_link_active_background":"","ocean_menu_social_links_bg":"","ocean_menu_social_hover_links_bg":"","ocean_menu_social_links_color":"","ocean_menu_social_hover_links_color":"","ocean_disable_title":"default","ocean_disable_heading":"default","ocean_post_title":"","ocean_post_subheading":"","ocean_post_title_style":"","ocean_post_title_background_color":"","ocean_post_title_background":0,"ocean_post_title_bg_image_position":"","ocean_post_title_bg_image_attachment":"","ocean_post_title_bg_image_repeat":"","ocean_post_title_bg_image_size":"","ocean_post_title_height":0,"ocean_post_title_bg_overlay":0.5,"ocean_post_title_bg_overlay_color":"","ocean_disable_breadcrumbs":"default","ocean_breadcrumbs_color":"","ocean_breadcrumbs_separator_color":"","ocean_breadcrumbs_links_color":"","ocean_breadcrumbs_links_hover_color":"","ocean_display_footer_widgets":"default","ocean_display_footer_bottom":"default","ocean_custom_footer_template":"","footnotes":""},"class_list":["post-156","page","type-page","status-publish","hentry","entry"],"yoast_head":"<!-- This site is optimized with the Yoast SEO plugin v27.4 - https:\/\/yoast.com\/product\/yoast-seo-wordpress\/ -->\n<title>ZyXEL &#8226; exTerra Services &#8226; profesion\u00e1ln\u00ed IT \u0159e\u0161en\u00ed<\/title>\n<meta name=\"robots\" content=\"index, follow, max-snippet:-1, max-image-preview:large, max-video-preview:-1\" \/>\n<link rel=\"canonical\" href=\"https:\/\/www.exterra-services.cz\/index.php\/zyxel\/\" \/>\n<meta property=\"og:locale\" content=\"cs_CZ\" \/>\n<meta property=\"og:type\" content=\"article\" \/>\n<meta property=\"og:title\" content=\"ZyXEL &#8226; exTerra Services &#8226; profesion\u00e1ln\u00ed IT \u0159e\u0161en\u00ed\" \/>\n<meta property=\"og:description\" content=\"Pro\u010d ZyXEL? V oblasti s\u00ed\u0165ov\u00e9 infrastruktury nab\u00edz\u00edme produkty spole\u010dnosti ZyXEL, zam\u011b\u0159en\u00e9 na mal\u00e9 a st\u0159edn\u011b velk\u00e9 firmy. Sv\u00fdm z\u00e1kazn\u00edk\u016fm jsme schopni navrhnout \u0159e\u0161en\u00ed p\u0159\u00edmo na m\u00edru tak, aby jej bylo mo\u017en\u00e9 kdykoliv roz\u0161\u00ed\u0159it, nebo aktualizovat. Jako dlouhodob\u00fd partner m\u016f\u017eeme tak\u00e9 zaru\u010dit vysokou \u00farove\u0148 podpory v\u0161ech produkt\u016f od jejich po\u010d\u00e1te\u010dn\u00ed konfigurace, zm\u011bny v konfiguraci a\u017e po [&hellip;]\" \/>\n<meta property=\"og:url\" content=\"https:\/\/www.exterra-services.cz\/index.php\/zyxel\/\" \/>\n<meta property=\"og:site_name\" content=\"exTerra Services\" \/>\n<meta property=\"article:modified_time\" content=\"2021-09-06T16:40:50+00:00\" \/>\n<meta name=\"twitter:card\" content=\"summary_large_image\" \/>\n<meta name=\"twitter:label1\" content=\"Odhadovan\u00e1 doba \u010dten\u00ed\" \/>\n\t<meta name=\"twitter:data1\" content=\"1 minuta\" \/>\n<script type=\"application\/ld+json\" class=\"yoast-schema-graph\">{\"@context\":\"https:\\\/\\\/schema.org\",\"@graph\":[{\"@type\":\"WebPage\",\"@id\":\"https:\\\/\\\/www.exterra-services.cz\\\/index.php\\\/zyxel\\\/\",\"url\":\"https:\\\/\\\/www.exterra-services.cz\\\/index.php\\\/zyxel\\\/\",\"name\":\"ZyXEL &#8226; exTerra Services &#8226; profesion\u00e1ln\u00ed IT \u0159e\u0161en\u00ed\",\"isPartOf\":{\"@id\":\"https:\\\/\\\/www.exterra-services.cz\\\/#website\"},\"datePublished\":\"2018-12-03T17:06:48+00:00\",\"dateModified\":\"2021-09-06T16:40:50+00:00\",\"breadcrumb\":{\"@id\":\"https:\\\/\\\/www.exterra-services.cz\\\/index.php\\\/zyxel\\\/#breadcrumb\"},\"inLanguage\":\"cs\",\"potentialAction\":[{\"@type\":\"ReadAction\",\"target\":[\"https:\\\/\\\/www.exterra-services.cz\\\/index.php\\\/zyxel\\\/\"]}]},{\"@type\":\"BreadcrumbList\",\"@id\":\"https:\\\/\\\/www.exterra-services.cz\\\/index.php\\\/zyxel\\\/#breadcrumb\",\"itemListElement\":[{\"@type\":\"ListItem\",\"position\":1,\"name\":\"Dom\u016f\",\"item\":\"https:\\\/\\\/www.exterra-services.cz\\\/\"},{\"@type\":\"ListItem\",\"position\":2,\"name\":\"ZyXEL\"}]},{\"@type\":\"WebSite\",\"@id\":\"https:\\\/\\\/www.exterra-services.cz\\\/#website\",\"url\":\"https:\\\/\\\/www.exterra-services.cz\\\/\",\"name\":\"exTerra Services\",\"description\":\"profesion\u00e1ln\u00ed IT \u0159e\u0161en\u00ed\",\"publisher\":{\"@id\":\"https:\\\/\\\/www.exterra-services.cz\\\/#organization\"},\"potentialAction\":[{\"@type\":\"SearchAction\",\"target\":{\"@type\":\"EntryPoint\",\"urlTemplate\":\"https:\\\/\\\/www.exterra-services.cz\\\/?s={search_term_string}\"},\"query-input\":{\"@type\":\"PropertyValueSpecification\",\"valueRequired\":true,\"valueName\":\"search_term_string\"}}],\"inLanguage\":\"cs\"},{\"@type\":\"Organization\",\"@id\":\"https:\\\/\\\/www.exterra-services.cz\\\/#organization\",\"name\":\"exTerra Services s.r.o.\",\"url\":\"https:\\\/\\\/www.exterra-services.cz\\\/\",\"logo\":{\"@type\":\"ImageObject\",\"inLanguage\":\"cs\",\"@id\":\"https:\\\/\\\/www.exterra-services.cz\\\/#\\\/schema\\\/logo\\\/image\\\/\",\"url\":\"https:\\\/\\\/www.exterra-services.cz\\\/wp-content\\\/uploads\\\/2018\\\/12\\\/logo.png\",\"contentUrl\":\"https:\\\/\\\/www.exterra-services.cz\\\/wp-content\\\/uploads\\\/2018\\\/12\\\/logo.png\",\"width\":1280,\"height\":720,\"caption\":\"exTerra Services s.r.o.\"},\"image\":{\"@id\":\"https:\\\/\\\/www.exterra-services.cz\\\/#\\\/schema\\\/logo\\\/image\\\/\"}}]}<\/script>\n<!-- \/ Yoast SEO plugin. -->","yoast_head_json":{"title":"ZyXEL &#8226; exTerra Services &#8226; profesion\u00e1ln\u00ed IT \u0159e\u0161en\u00ed","robots":{"index":"index","follow":"follow","max-snippet":"max-snippet:-1","max-image-preview":"max-image-preview:large","max-video-preview":"max-video-preview:-1"},"canonical":"https:\/\/www.exterra-services.cz\/index.php\/zyxel\/","og_locale":"cs_CZ","og_type":"article","og_title":"ZyXEL &#8226; exTerra Services &#8226; profesion\u00e1ln\u00ed IT \u0159e\u0161en\u00ed","og_description":"Pro\u010d ZyXEL? V oblasti s\u00ed\u0165ov\u00e9 infrastruktury nab\u00edz\u00edme produkty spole\u010dnosti ZyXEL, zam\u011b\u0159en\u00e9 na mal\u00e9 a st\u0159edn\u011b velk\u00e9 firmy. Sv\u00fdm z\u00e1kazn\u00edk\u016fm jsme schopni navrhnout \u0159e\u0161en\u00ed p\u0159\u00edmo na m\u00edru tak, aby jej bylo mo\u017en\u00e9 kdykoliv roz\u0161\u00ed\u0159it, nebo aktualizovat. Jako dlouhodob\u00fd partner m\u016f\u017eeme tak\u00e9 zaru\u010dit vysokou \u00farove\u0148 podpory v\u0161ech produkt\u016f od jejich po\u010d\u00e1te\u010dn\u00ed konfigurace, zm\u011bny v konfiguraci a\u017e po [&hellip;]","og_url":"https:\/\/www.exterra-services.cz\/index.php\/zyxel\/","og_site_name":"exTerra Services","article_modified_time":"2021-09-06T16:40:50+00:00","twitter_card":"summary_large_image","twitter_misc":{"Odhadovan\u00e1 doba \u010dten\u00ed":"1 minuta"},"schema":{"@context":"https:\/\/schema.org","@graph":[{"@type":"WebPage","@id":"https:\/\/www.exterra-services.cz\/index.php\/zyxel\/","url":"https:\/\/www.exterra-services.cz\/index.php\/zyxel\/","name":"ZyXEL &#8226; exTerra Services &#8226; profesion\u00e1ln\u00ed IT \u0159e\u0161en\u00ed","isPartOf":{"@id":"https:\/\/www.exterra-services.cz\/#website"},"datePublished":"2018-12-03T17:06:48+00:00","dateModified":"2021-09-06T16:40:50+00:00","breadcrumb":{"@id":"https:\/\/www.exterra-services.cz\/index.php\/zyxel\/#breadcrumb"},"inLanguage":"cs","potentialAction":[{"@type":"ReadAction","target":["https:\/\/www.exterra-services.cz\/index.php\/zyxel\/"]}]},{"@type":"BreadcrumbList","@id":"https:\/\/www.exterra-services.cz\/index.php\/zyxel\/#breadcrumb","itemListElement":[{"@type":"ListItem","position":1,"name":"Dom\u016f","item":"https:\/\/www.exterra-services.cz\/"},{"@type":"ListItem","position":2,"name":"ZyXEL"}]},{"@type":"WebSite","@id":"https:\/\/www.exterra-services.cz\/#website","url":"https:\/\/www.exterra-services.cz\/","name":"exTerra Services","description":"profesion\u00e1ln\u00ed IT \u0159e\u0161en\u00ed","publisher":{"@id":"https:\/\/www.exterra-services.cz\/#organization"},"potentialAction":[{"@type":"SearchAction","target":{"@type":"EntryPoint","urlTemplate":"https:\/\/www.exterra-services.cz\/?s={search_term_string}"},"query-input":{"@type":"PropertyValueSpecification","valueRequired":true,"valueName":"search_term_string"}}],"inLanguage":"cs"},{"@type":"Organization","@id":"https:\/\/www.exterra-services.cz\/#organization","name":"exTerra Services s.r.o.","url":"https:\/\/www.exterra-services.cz\/","logo":{"@type":"ImageObject","inLanguage":"cs","@id":"https:\/\/www.exterra-services.cz\/#\/schema\/logo\/image\/","url":"https:\/\/www.exterra-services.cz\/wp-content\/uploads\/2018\/12\/logo.png","contentUrl":"https:\/\/www.exterra-services.cz\/wp-content\/uploads\/2018\/12\/logo.png","width":1280,"height":720,"caption":"exTerra Services s.r.o."},"image":{"@id":"https:\/\/www.exterra-services.cz\/#\/schema\/logo\/image\/"}}]}},"jetpack_sharing_enabled":true,"_links":{"self":[{"href":"https:\/\/www.exterra-services.cz\/index.php\/wp-json\/wp\/v2\/pages\/156","targetHints":{"allow":["GET"]}}],"collection":[{"href":"https:\/\/www.exterra-services.cz\/index.php\/wp-json\/wp\/v2\/pages"}],"about":[{"href":"https:\/\/www.exterra-services.cz\/index.php\/wp-json\/wp\/v2\/types\/page"}],"author":[{"embeddable":true,"href":"https:\/\/www.exterra-services.cz\/index.php\/wp-json\/wp\/v2\/users\/1"}],"replies":[{"embeddable":true,"href":"https:\/\/www.exterra-services.cz\/index.php\/wp-json\/wp\/v2\/comments?post=156"}],"version-history":[{"count":6,"href":"https:\/\/www.exterra-services.cz\/index.php\/wp-json\/wp\/v2\/pages\/156\/revisions"}],"predecessor-version":[{"id":3509,"href":"https:\/\/www.exterra-services.cz\/index.php\/wp-json\/wp\/v2\/pages\/156\/revisions\/3509"}],"wp:attachment":[{"href":"https:\/\/www.exterra-services.cz\/index.php\/wp-json\/wp\/v2\/media?parent=156"}],"curies":[{"name":"wp","href":"https:\/\/api.w.org\/{rel}","templated":true}]}}