{"id":131,"date":"2018-12-03T16:31:58","date_gmt":"2018-12-03T15:31:58","guid":{"rendered":"http:\/\/192.168.156.19\/?page_id=131"},"modified":"2021-09-05T22:29:59","modified_gmt":"2021-09-05T20:29:59","slug":"skoleni-a-treninkove-programy","status":"publish","type":"page","link":"https:\/\/www.exterra-services.cz\/index.php\/skoleni-a-treninkove-programy\/","title":{"rendered":"\u0160kolen\u00ed a tr\u00e9ninkov\u00e9 programy"},"content":{"rendered":"\t\t<div data-elementor-type=\"wp-page\" data-elementor-id=\"131\" class=\"elementor elementor-131\">\n\t\t\t\t\t\t<section class=\"elementor-section elementor-top-section elementor-element elementor-element-41b19554 elementor-section-boxed elementor-section-height-default elementor-section-height-default\" data-id=\"41b19554\" data-element_type=\"section\" data-e-type=\"section\">\n\t\t\t\t\t\t<div class=\"elementor-container elementor-column-gap-default\">\n\t\t\t\t\t<div class=\"elementor-column elementor-col-100 elementor-top-column elementor-element elementor-element-4c12f24d\" data-id=\"4c12f24d\" data-element_type=\"column\" data-e-type=\"column\">\n\t\t\t<div class=\"elementor-widget-wrap elementor-element-populated\">\n\t\t\t\t\t\t<div class=\"elementor-element elementor-element-7c5d2beb elementor-widget elementor-widget-text-editor\" data-id=\"7c5d2beb\" data-element_type=\"widget\" data-e-type=\"widget\" data-widget_type=\"text-editor.default\">\n\t\t\t\t<div class=\"elementor-widget-container\">\n\t\t\t\t\t\t\t\t\t<p><span style=\"color: #000000;\"><\/span><\/p>\n<h3 class=\"wp-block-heading\"><span style=\"color: #000000;\">C\u00edlov\u00e9 ur\u010den\u00ed slu\u017eby<\/span><\/h3>\n<p><span style=\"color: #000000;\"><\/span><\/p>\n<h4><span style=\"color: #000000;\"><strong>Oblast \u0161kolen\u00ed a tr\u00e9ninkov\u00fdch program\u016f charakterizov\u00e1na n\u00e1sleduj\u00edc\u00edmi slu\u017ebami:<\/strong><\/span><\/h4>\n<p><span style=\"color: #000000;\"><\/span><\/p>\n<ul class=\"wp-block-list\">\n<li><span style=\"color: #000000;\">Zopakov\u00e1n\u00ed teoretick\u00e9ho minima pro spr\u00e1vu dan\u00e9ho syst\u00e9mu<\/span><\/li>\n<li><span style=\"color: #000000;\">Procvi\u010den\u00ed m\u00e9n\u011b obvykl\u00fdch operac\u00ed &#8211; instalace, upgrade, z\u00e1loha, obnova<\/span><\/li>\n<li><span style=\"color: #000000;\">N\u00e1cvik \u0159e\u0161en\u00ed kritick\u00fdch a havarijn\u00edch situac\u00ed<\/span><\/li>\n<li><span style=\"color: #000000;\">Natr\u00e9nov\u00e1n\u00ed metodiky \u0159e\u0161en\u00ed hav\u00e1ri\u00ed a probl\u00e9m\u016f<\/span><\/li>\n<li><span style=\"color: #000000;\">Nau\u010den\u00ed komunikace IT odd\u011blen\u00ed sm\u011brem k\u00a0u\u017eivatel\u016fm a veden\u00ed spole\u010dnosti b\u011bhem \u0159e\u0161en\u00ed hav\u00e1ri\u00ed<\/span><\/li>\n<li><span style=\"color: #000000;\">Mo\u017enost sd\u00edlen\u00ed praktick\u00fdch zku\u0161enost\u00ed s\u00a0dal\u0161\u00edmi frekventanty z\u00a0jin\u00fdch firem<\/span><\/li>\n<\/ul>\n<p><span style=\"color: #000000;\"><\/span><span style=\"color: #000000;\"><\/span><\/p>\n<h4 class=\"wp-block-heading\"><span style=\"color: #000000;\">O\u010dek\u00e1van\u00e9 p\u0159\u00ednosy pro z\u00e1kazn\u00edka:<\/span><\/h4>\n<p><span style=\"color: #000000;\"><\/span><span style=\"color: #000000;\"><\/span><\/p>\n<p><span style=\"color: #000000;\">Na IT v\u00a0podniku se kladou \u010d\u00edm d\u00e1l v\u011bt\u0161\u00ed po\u017eadavky, ale kv\u016fli nedostatku \u010dasu je t\u00e9m\u011b\u0159 nemo\u017en\u00e9\u00a0 se pr\u016fb\u011b\u017en\u011b vzd\u011bl\u00e1vat a profesn\u011b r\u016fst. Po pracovn\u00edc\u00edch IT se po\u017eaduje nejen vysok\u00e1 kvalifikace pro provozn\u00ed\u00a0 podporu ICT, ale i schopnost rychle a efektivn\u011b \u0159e\u0161it nenad\u00e1l\u00e9 situace a\u0165 ji\u017e vyvolan\u00e9 hav\u00e1ri\u00ed nebo i jen nenad\u00e1lou pot\u0159ebou podniku rychle implementovat novou technologii.<\/span><\/p>\n<p><span style=\"color: #000000;\"><\/span><\/p>\n<p><span style=\"color: #000000;\">Veden\u00ed spole\u010dnosti \u010di odd\u011blen\u00ed personalistiky investuje do standardn\u00edch \u0161kolen\u00ed, kter\u00e1 teoreticky pokr\u00fdvaj\u00ed standardn\u00ed technologie, kter\u00e9 podnik nasazuje (typicky opera\u010dn\u00ed syst\u00e9my, mailov\u00e9 a datab\u00e1zov\u00e9 syst\u00e9my). Tato \u0161kolen\u00ed poskytnou obvykle v\u00fdborn\u00fd teoretick\u00fd z\u00e1klad pro pochopen\u00ed dan\u00fdch technologi\u00ed a nau\u010d\u00ed absolventy z\u00e1kladn\u00edm princip\u016fm nasazen\u00ed a konfigurace. Ji\u017e d\u00e1le ale nepokr\u00fdv\u00e1 praktick\u00fd \u017eivot t\u011bchto technologi\u00ed \u010di dokonce \u0159e\u0161en\u00ed krizov\u00fdch \u010di havarijn\u00edch stav\u016f. Samoz\u0159ejm\u011b tak\u00e9 nelze ve standardn\u00edm kurzu obs\u00e1hnout specifika prost\u0159ed\u00ed v\u0161ech firem, z\u00a0nich\u017e se na \u0161kolen\u00ed frekventanti hl\u00e1s\u00ed. Obvykle a\u017e p\u0159i \u0159e\u0161en\u00ed havrijn\u00ed \u010di jinak kritick\u00e9 situace se projev\u00ed nedostatek praxe s\u00a0\u0159e\u0161en\u00edm takov\u00fdch probl\u00e9m\u016f. IT pracovn\u00edci jsou pak vystaveni tlaku u\u017eivatel\u016f (nez\u0159\u00eddka stup\u0148ovan\u00e9m od veden\u00ed firmy) a ve stresu jsou nuceni rychle \u0159e\u0161it probl\u00e9m \u010di obnovit provoz dan\u00e9ho syst\u00e9mu.<\/span><\/p>\n<p><span style=\"color: #000000;\"><\/span><\/p>\n<p><span style=\"color: #000000;\"><\/span><\/p>\n<h4><span style=\"color: #000000;\"><strong>Z\u00e1kazn\u00edk z\u00edsk\u00e1v\u00e1 t\u011bmito slu\u017ebami:<\/strong><\/span><\/h4>\n<p><span style=\"color: #000000;\"><\/span><\/p>\n<ul class=\"wp-block-list\">\n<li><span style=\"color: #000000;\">Praktick\u00e9 ov\u011b\u0159en\u00ed teoretick\u00fdch znalost\u00ed pracovn\u00edk\u016f intern\u00edho IT<\/span><\/li>\n<li><span style=\"color: #000000;\">Pos\u00edlen\u00ed kompetence intern\u00edch zam\u011bstnanc\u016f v oblasti spr\u00e1vy dan\u00e9ho syst\u00e9mu<\/span><\/li>\n<li><span style=\"color: #000000;\">Nacvi\u010den\u00ed \u0159e\u0161en\u00ed havarijn\u00edch situac\u00ed vlastn\u00edmi silami<\/span><\/li>\n<li><span style=\"color: #000000;\">Zv\u00fd\u0161en\u00ed komunika\u010dn\u00edch schopnost\u00ed s ostatn\u00edmi \u00fatvray spole\u010dnosti pro p\u0159\u00edpady hav\u00e1ri\u00ed<\/span><\/li>\n<\/ul>\n<p><span style=\"color: #000000;\"><\/span><\/p>\n<p><span style=\"color: #000000;\"><\/span><\/p>\n<h4 class=\"wp-block-heading\"><span style=\"color: #000000;\">Finan\u010dn\u00ed a \u010dasov\u00e1 n\u00e1ro\u010dnost slu\u017eby:<\/span><\/h4>\n<p><span style=\"color: #000000;\"><\/span><\/p>\n<p><span style=\"color: #000000;\"><\/span><\/p>\n<p><span style=\"color: #000000;\">\u010casov\u00e1 n\u00e1ro\u010dnost tohoto produktu se pohybuje v \u0159\u00e1dech dn\u016f. Cena \u0161kolen\u00ed a tr\u00e9nink\u016f se pohybuje v \u0159\u00e1dech jednotek tis\u00edc p\u0159i standardn\u00edch kurzech, maxim\u00e1ln\u011b ale des\u00edtek tis\u00edc K\u010d p\u0159i kurzech na m\u00edru specifick\u00e9mu prost\u0159ed\u00ed z\u00e1kazn\u00edka.<\/span><\/p>\n<p><span style=\"color: #000000;\"><\/span><\/p>\t\t\t\t\t\t\t\t<\/div>\n\t\t\t\t<\/div>\n\t\t\t\t\t<\/div>\n\t\t<\/div>\n\t\t\t\t\t<\/div>\n\t\t<\/section>\n\t\t\t\t<\/div>\n\t\t","protected":false},"excerpt":{"rendered":"<p>C\u00edlov\u00e9 ur\u010den\u00ed slu\u017eby Oblast \u0161kolen\u00ed a tr\u00e9ninkov\u00fdch program\u016f charakterizov\u00e1na n\u00e1sleduj\u00edc\u00edmi slu\u017ebami: Zopakov\u00e1n\u00ed teoretick\u00e9ho minima pro spr\u00e1vu dan\u00e9ho syst\u00e9mu Procvi\u010den\u00ed m\u00e9n\u011b obvykl\u00fdch operac\u00ed &#8211; instalace, upgrade, z\u00e1loha, obnova N\u00e1cvik \u0159e\u0161en\u00ed kritick\u00fdch a havarijn\u00edch situac\u00ed Natr\u00e9nov\u00e1n\u00ed metodiky \u0159e\u0161en\u00ed hav\u00e1ri\u00ed a probl\u00e9m\u016f Nau\u010den\u00ed komunikace IT odd\u011blen\u00ed sm\u011brem k\u00a0u\u017eivatel\u016fm a veden\u00ed spole\u010dnosti b\u011bhem \u0159e\u0161en\u00ed hav\u00e1ri\u00ed Mo\u017enost sd\u00edlen\u00ed praktick\u00fdch zku\u0161enost\u00ed [&hellip;]<\/p>\n","protected":false},"author":1,"featured_media":0,"parent":0,"menu_order":0,"comment_status":"closed","ping_status":"closed","template":"","meta":{"ocean_post_layout":"","ocean_both_sidebars_style":"","ocean_both_sidebars_content_width":0,"ocean_both_sidebars_sidebars_width":0,"ocean_sidebar":"0","ocean_second_sidebar":"0","ocean_disable_margins":"enable","ocean_add_body_class":"","ocean_shortcode_before_top_bar":"","ocean_shortcode_after_top_bar":"","ocean_shortcode_before_header":"","ocean_shortcode_after_header":"","ocean_has_shortcode":"","ocean_shortcode_after_title":"","ocean_shortcode_before_footer_widgets":"","ocean_shortcode_after_footer_widgets":"","ocean_shortcode_before_footer_bottom":"","ocean_shortcode_after_footer_bottom":"","ocean_display_top_bar":"default","ocean_display_header":"default","ocean_header_style":"","ocean_center_header_left_menu":"0","ocean_custom_header_template":"0","ocean_custom_logo":0,"ocean_custom_retina_logo":0,"ocean_custom_logo_max_width":0,"ocean_custom_logo_tablet_max_width":0,"ocean_custom_logo_mobile_max_width":0,"ocean_custom_logo_max_height":0,"ocean_custom_logo_tablet_max_height":0,"ocean_custom_logo_mobile_max_height":0,"ocean_header_custom_menu":"0","ocean_menu_typo_font_family":"0","ocean_menu_typo_font_subset":"","ocean_menu_typo_font_size":0,"ocean_menu_typo_font_size_tablet":0,"ocean_menu_typo_font_size_mobile":0,"ocean_menu_typo_font_size_unit":"px","ocean_menu_typo_font_weight":"","ocean_menu_typo_font_weight_tablet":"","ocean_menu_typo_font_weight_mobile":"","ocean_menu_typo_transform":"","ocean_menu_typo_transform_tablet":"","ocean_menu_typo_transform_mobile":"","ocean_menu_typo_line_height":0,"ocean_menu_typo_line_height_tablet":0,"ocean_menu_typo_line_height_mobile":0,"ocean_menu_typo_line_height_unit":"","ocean_menu_typo_spacing":0,"ocean_menu_typo_spacing_tablet":0,"ocean_menu_typo_spacing_mobile":0,"ocean_menu_typo_spacing_unit":"","ocean_menu_link_color":"","ocean_menu_link_color_hover":"","ocean_menu_link_color_active":"","ocean_menu_link_background":"","ocean_menu_link_hover_background":"","ocean_menu_link_active_background":"","ocean_menu_social_links_bg":"","ocean_menu_social_hover_links_bg":"","ocean_menu_social_links_color":"","ocean_menu_social_hover_links_color":"","ocean_disable_title":"default","ocean_disable_heading":"default","ocean_post_title":"","ocean_post_subheading":"","ocean_post_title_style":"","ocean_post_title_background_color":"","ocean_post_title_background":0,"ocean_post_title_bg_image_position":"","ocean_post_title_bg_image_attachment":"","ocean_post_title_bg_image_repeat":"","ocean_post_title_bg_image_size":"","ocean_post_title_height":0,"ocean_post_title_bg_overlay":0.5,"ocean_post_title_bg_overlay_color":"","ocean_disable_breadcrumbs":"default","ocean_breadcrumbs_color":"","ocean_breadcrumbs_separator_color":"","ocean_breadcrumbs_links_color":"","ocean_breadcrumbs_links_hover_color":"","ocean_display_footer_widgets":"default","ocean_display_footer_bottom":"default","ocean_custom_footer_template":"0","footnotes":""},"class_list":["post-131","page","type-page","status-publish","hentry","entry"],"yoast_head":"<!-- This site is optimized with the Yoast SEO plugin v27.4 - https:\/\/yoast.com\/product\/yoast-seo-wordpress\/ -->\n<title>\u0160kolen\u00ed a tr\u00e9ninkov\u00e9 programy &#8226; exTerra Services &#8226; profesion\u00e1ln\u00ed IT \u0159e\u0161en\u00ed<\/title>\n<meta name=\"robots\" content=\"index, follow, max-snippet:-1, max-image-preview:large, max-video-preview:-1\" \/>\n<link rel=\"canonical\" href=\"https:\/\/www.exterra-services.cz\/index.php\/skoleni-a-treninkove-programy\/\" \/>\n<meta property=\"og:locale\" content=\"cs_CZ\" \/>\n<meta property=\"og:type\" content=\"article\" \/>\n<meta property=\"og:title\" content=\"\u0160kolen\u00ed a tr\u00e9ninkov\u00e9 programy &#8226; exTerra Services &#8226; profesion\u00e1ln\u00ed IT \u0159e\u0161en\u00ed\" \/>\n<meta property=\"og:description\" content=\"C\u00edlov\u00e9 ur\u010den\u00ed slu\u017eby Oblast \u0161kolen\u00ed a tr\u00e9ninkov\u00fdch program\u016f charakterizov\u00e1na n\u00e1sleduj\u00edc\u00edmi slu\u017ebami: Zopakov\u00e1n\u00ed teoretick\u00e9ho minima pro spr\u00e1vu dan\u00e9ho syst\u00e9mu Procvi\u010den\u00ed m\u00e9n\u011b obvykl\u00fdch operac\u00ed &#8211; instalace, upgrade, z\u00e1loha, obnova N\u00e1cvik \u0159e\u0161en\u00ed kritick\u00fdch a havarijn\u00edch situac\u00ed Natr\u00e9nov\u00e1n\u00ed metodiky \u0159e\u0161en\u00ed hav\u00e1ri\u00ed a probl\u00e9m\u016f Nau\u010den\u00ed komunikace IT odd\u011blen\u00ed sm\u011brem k\u00a0u\u017eivatel\u016fm a veden\u00ed spole\u010dnosti b\u011bhem \u0159e\u0161en\u00ed hav\u00e1ri\u00ed Mo\u017enost sd\u00edlen\u00ed praktick\u00fdch zku\u0161enost\u00ed [&hellip;]\" \/>\n<meta property=\"og:url\" content=\"https:\/\/www.exterra-services.cz\/index.php\/skoleni-a-treninkove-programy\/\" \/>\n<meta property=\"og:site_name\" content=\"exTerra Services\" \/>\n<meta property=\"article:modified_time\" content=\"2021-09-05T20:29:59+00:00\" \/>\n<meta name=\"twitter:card\" content=\"summary_large_image\" \/>\n<meta name=\"twitter:label1\" content=\"Odhadovan\u00e1 doba \u010dten\u00ed\" \/>\n\t<meta name=\"twitter:data1\" content=\"2 minuty\" \/>\n<script type=\"application\/ld+json\" class=\"yoast-schema-graph\">{\"@context\":\"https:\\\/\\\/schema.org\",\"@graph\":[{\"@type\":\"WebPage\",\"@id\":\"https:\\\/\\\/www.exterra-services.cz\\\/index.php\\\/skoleni-a-treninkove-programy\\\/\",\"url\":\"https:\\\/\\\/www.exterra-services.cz\\\/index.php\\\/skoleni-a-treninkove-programy\\\/\",\"name\":\"\u0160kolen\u00ed a tr\u00e9ninkov\u00e9 programy &#8226; exTerra Services &#8226; profesion\u00e1ln\u00ed IT \u0159e\u0161en\u00ed\",\"isPartOf\":{\"@id\":\"https:\\\/\\\/www.exterra-services.cz\\\/#website\"},\"datePublished\":\"2018-12-03T15:31:58+00:00\",\"dateModified\":\"2021-09-05T20:29:59+00:00\",\"breadcrumb\":{\"@id\":\"https:\\\/\\\/www.exterra-services.cz\\\/index.php\\\/skoleni-a-treninkove-programy\\\/#breadcrumb\"},\"inLanguage\":\"cs\",\"potentialAction\":[{\"@type\":\"ReadAction\",\"target\":[\"https:\\\/\\\/www.exterra-services.cz\\\/index.php\\\/skoleni-a-treninkove-programy\\\/\"]}]},{\"@type\":\"BreadcrumbList\",\"@id\":\"https:\\\/\\\/www.exterra-services.cz\\\/index.php\\\/skoleni-a-treninkove-programy\\\/#breadcrumb\",\"itemListElement\":[{\"@type\":\"ListItem\",\"position\":1,\"name\":\"Dom\u016f\",\"item\":\"https:\\\/\\\/www.exterra-services.cz\\\/\"},{\"@type\":\"ListItem\",\"position\":2,\"name\":\"\u0160kolen\u00ed a tr\u00e9ninkov\u00e9 programy\"}]},{\"@type\":\"WebSite\",\"@id\":\"https:\\\/\\\/www.exterra-services.cz\\\/#website\",\"url\":\"https:\\\/\\\/www.exterra-services.cz\\\/\",\"name\":\"exTerra Services\",\"description\":\"profesion\u00e1ln\u00ed IT \u0159e\u0161en\u00ed\",\"publisher\":{\"@id\":\"https:\\\/\\\/www.exterra-services.cz\\\/#organization\"},\"potentialAction\":[{\"@type\":\"SearchAction\",\"target\":{\"@type\":\"EntryPoint\",\"urlTemplate\":\"https:\\\/\\\/www.exterra-services.cz\\\/?s={search_term_string}\"},\"query-input\":{\"@type\":\"PropertyValueSpecification\",\"valueRequired\":true,\"valueName\":\"search_term_string\"}}],\"inLanguage\":\"cs\"},{\"@type\":\"Organization\",\"@id\":\"https:\\\/\\\/www.exterra-services.cz\\\/#organization\",\"name\":\"exTerra Services s.r.o.\",\"url\":\"https:\\\/\\\/www.exterra-services.cz\\\/\",\"logo\":{\"@type\":\"ImageObject\",\"inLanguage\":\"cs\",\"@id\":\"https:\\\/\\\/www.exterra-services.cz\\\/#\\\/schema\\\/logo\\\/image\\\/\",\"url\":\"https:\\\/\\\/www.exterra-services.cz\\\/wp-content\\\/uploads\\\/2018\\\/12\\\/logo.png\",\"contentUrl\":\"https:\\\/\\\/www.exterra-services.cz\\\/wp-content\\\/uploads\\\/2018\\\/12\\\/logo.png\",\"width\":1280,\"height\":720,\"caption\":\"exTerra Services s.r.o.\"},\"image\":{\"@id\":\"https:\\\/\\\/www.exterra-services.cz\\\/#\\\/schema\\\/logo\\\/image\\\/\"}}]}<\/script>\n<!-- \/ Yoast SEO plugin. -->","yoast_head_json":{"title":"\u0160kolen\u00ed a tr\u00e9ninkov\u00e9 programy &#8226; exTerra Services &#8226; profesion\u00e1ln\u00ed IT \u0159e\u0161en\u00ed","robots":{"index":"index","follow":"follow","max-snippet":"max-snippet:-1","max-image-preview":"max-image-preview:large","max-video-preview":"max-video-preview:-1"},"canonical":"https:\/\/www.exterra-services.cz\/index.php\/skoleni-a-treninkove-programy\/","og_locale":"cs_CZ","og_type":"article","og_title":"\u0160kolen\u00ed a tr\u00e9ninkov\u00e9 programy &#8226; exTerra Services &#8226; profesion\u00e1ln\u00ed IT \u0159e\u0161en\u00ed","og_description":"C\u00edlov\u00e9 ur\u010den\u00ed slu\u017eby Oblast \u0161kolen\u00ed a tr\u00e9ninkov\u00fdch program\u016f charakterizov\u00e1na n\u00e1sleduj\u00edc\u00edmi slu\u017ebami: Zopakov\u00e1n\u00ed teoretick\u00e9ho minima pro spr\u00e1vu dan\u00e9ho syst\u00e9mu Procvi\u010den\u00ed m\u00e9n\u011b obvykl\u00fdch operac\u00ed &#8211; instalace, upgrade, z\u00e1loha, obnova N\u00e1cvik \u0159e\u0161en\u00ed kritick\u00fdch a havarijn\u00edch situac\u00ed Natr\u00e9nov\u00e1n\u00ed metodiky \u0159e\u0161en\u00ed hav\u00e1ri\u00ed a probl\u00e9m\u016f Nau\u010den\u00ed komunikace IT odd\u011blen\u00ed sm\u011brem k\u00a0u\u017eivatel\u016fm a veden\u00ed spole\u010dnosti b\u011bhem \u0159e\u0161en\u00ed hav\u00e1ri\u00ed Mo\u017enost sd\u00edlen\u00ed praktick\u00fdch zku\u0161enost\u00ed [&hellip;]","og_url":"https:\/\/www.exterra-services.cz\/index.php\/skoleni-a-treninkove-programy\/","og_site_name":"exTerra Services","article_modified_time":"2021-09-05T20:29:59+00:00","twitter_card":"summary_large_image","twitter_misc":{"Odhadovan\u00e1 doba \u010dten\u00ed":"2 minuty"},"schema":{"@context":"https:\/\/schema.org","@graph":[{"@type":"WebPage","@id":"https:\/\/www.exterra-services.cz\/index.php\/skoleni-a-treninkove-programy\/","url":"https:\/\/www.exterra-services.cz\/index.php\/skoleni-a-treninkove-programy\/","name":"\u0160kolen\u00ed a tr\u00e9ninkov\u00e9 programy &#8226; exTerra Services &#8226; profesion\u00e1ln\u00ed IT \u0159e\u0161en\u00ed","isPartOf":{"@id":"https:\/\/www.exterra-services.cz\/#website"},"datePublished":"2018-12-03T15:31:58+00:00","dateModified":"2021-09-05T20:29:59+00:00","breadcrumb":{"@id":"https:\/\/www.exterra-services.cz\/index.php\/skoleni-a-treninkove-programy\/#breadcrumb"},"inLanguage":"cs","potentialAction":[{"@type":"ReadAction","target":["https:\/\/www.exterra-services.cz\/index.php\/skoleni-a-treninkove-programy\/"]}]},{"@type":"BreadcrumbList","@id":"https:\/\/www.exterra-services.cz\/index.php\/skoleni-a-treninkove-programy\/#breadcrumb","itemListElement":[{"@type":"ListItem","position":1,"name":"Dom\u016f","item":"https:\/\/www.exterra-services.cz\/"},{"@type":"ListItem","position":2,"name":"\u0160kolen\u00ed a tr\u00e9ninkov\u00e9 programy"}]},{"@type":"WebSite","@id":"https:\/\/www.exterra-services.cz\/#website","url":"https:\/\/www.exterra-services.cz\/","name":"exTerra Services","description":"profesion\u00e1ln\u00ed IT \u0159e\u0161en\u00ed","publisher":{"@id":"https:\/\/www.exterra-services.cz\/#organization"},"potentialAction":[{"@type":"SearchAction","target":{"@type":"EntryPoint","urlTemplate":"https:\/\/www.exterra-services.cz\/?s={search_term_string}"},"query-input":{"@type":"PropertyValueSpecification","valueRequired":true,"valueName":"search_term_string"}}],"inLanguage":"cs"},{"@type":"Organization","@id":"https:\/\/www.exterra-services.cz\/#organization","name":"exTerra Services s.r.o.","url":"https:\/\/www.exterra-services.cz\/","logo":{"@type":"ImageObject","inLanguage":"cs","@id":"https:\/\/www.exterra-services.cz\/#\/schema\/logo\/image\/","url":"https:\/\/www.exterra-services.cz\/wp-content\/uploads\/2018\/12\/logo.png","contentUrl":"https:\/\/www.exterra-services.cz\/wp-content\/uploads\/2018\/12\/logo.png","width":1280,"height":720,"caption":"exTerra Services s.r.o."},"image":{"@id":"https:\/\/www.exterra-services.cz\/#\/schema\/logo\/image\/"}}]}},"jetpack_sharing_enabled":true,"_links":{"self":[{"href":"https:\/\/www.exterra-services.cz\/index.php\/wp-json\/wp\/v2\/pages\/131","targetHints":{"allow":["GET"]}}],"collection":[{"href":"https:\/\/www.exterra-services.cz\/index.php\/wp-json\/wp\/v2\/pages"}],"about":[{"href":"https:\/\/www.exterra-services.cz\/index.php\/wp-json\/wp\/v2\/types\/page"}],"author":[{"embeddable":true,"href":"https:\/\/www.exterra-services.cz\/index.php\/wp-json\/wp\/v2\/users\/1"}],"replies":[{"embeddable":true,"href":"https:\/\/www.exterra-services.cz\/index.php\/wp-json\/wp\/v2\/comments?post=131"}],"version-history":[{"count":4,"href":"https:\/\/www.exterra-services.cz\/index.php\/wp-json\/wp\/v2\/pages\/131\/revisions"}],"predecessor-version":[{"id":3433,"href":"https:\/\/www.exterra-services.cz\/index.php\/wp-json\/wp\/v2\/pages\/131\/revisions\/3433"}],"wp:attachment":[{"href":"https:\/\/www.exterra-services.cz\/index.php\/wp-json\/wp\/v2\/media?parent=131"}],"curies":[{"name":"wp","href":"https:\/\/api.w.org\/{rel}","templated":true}]}}