{"id":1048,"date":"2019-01-25T22:44:20","date_gmt":"2019-01-25T21:44:20","guid":{"rendered":"http:\/\/192.168.156.19\/?page_id=1048"},"modified":"2021-09-06T19:23:25","modified_gmt":"2021-09-06T17:23:25","slug":"vmware-vsphere-esx-5-5-nebo-6-5","status":"publish","type":"page","link":"https:\/\/www.exterra-services.cz\/index.php\/vmware-vsphere-esx-5-5-nebo-6-5\/","title":{"rendered":"VMware vSphere ESX 6.5 nebo 6.7"},"content":{"rendered":"<h4 style=\"text-align: center;\"><span style=\"color: #000000;\">\u00da\u010dast na \u0161kolen\u00ed je nutn\u00e9 rezervovat minim\u00e1ln\u011b 14 dn\u00ed p\u0159edem!<\/span><br \/>\n<span style=\"color: #000000;\">Individu\u00e1ln\u00ed term\u00edn lze ur\u010dit po p\u0159edchoz\u00ed domluv\u011b.<\/span><\/h4>\n<p><span style=\"color: #000000;\">C\u00edlem \u0161kolen\u00ed je sezn\u00e1mit \u00fa\u010dastn\u00edky s ka\u017edodenn\u00ed spr\u00e1vou prost\u0159ed\u00ed vSphere ESXi a procvi\u010dit z\u00e1kladn\u00ed konfigura\u010dn\u00ed postupy. B\u011bhem kurzu se \u00fa\u010dastn\u00edci nau\u010d\u00ed vyu\u017e\u00edvat i m\u00e9n\u011b obvykl\u00fdch postup\u016f p\u0159i spr\u00e1v\u011b vSphere. Ned\u00edlnou sou\u010d\u00e1st\u00ed je troubleshooting a \u0159e\u0161en\u00ed probl\u00e9m\u016f, se kter\u00fdmi se lze setkat p\u0159i provozu virtu\u00e1ln\u00edho prost\u0159ed\u00ed.<\/span><\/p>\n<hr \/>\n<ul>\n<li style=\"padding: 0px; margin: 5px; position: relative; list-style-image: url('..\/dx\/li.jpg\/$file\/li.jpg'); list-style-position: inside; font-size: 14.3px;\"><span style=\"color: #000000;\">Architektura vSphere ESXi, z\u00e1kladn\u00ed vlastnosti, limity a omezen\u00ed<\/span><\/li>\n<li style=\"padding: 0px; margin: 5px; position: relative; list-style-image: url('..\/dx\/li.jpg\/$file\/li.jpg'); list-style-position: inside; font-size: 14.3px;\"><span style=\"color: #000000;\">Fyzick\u00e1 instalace<\/span><\/li>\n<li style=\"padding: 0px; margin: 5px; position: relative; list-style-image: url('..\/dx\/li.jpg\/$file\/li.jpg'); list-style-position: inside; font-size: 14.3px;\"><span style=\"color: #000000;\">Z\u00e1kladn\u00ed konfigurace vSphere ESXi<\/span><\/li>\n<li style=\"padding: 0px; margin: 5px; position: relative; list-style-image: url('..\/dx\/li.jpg\/$file\/li.jpg'); list-style-position: inside; font-size: 14.3px;\"><span style=\"color: #000000;\">Networking &#8211; z\u00e1kladn\u00ed term\u00edny, virtu\u00e1ln\u00ed p\u0159ep\u00edna\u010d vSwitch, konfigurace s\u00edt\u00ed, fail-over a load balancing s\u00ed\u0165ov\u00fdch p\u0159ipojen\u00ed<\/span><\/li>\n<li style=\"padding: 0px; margin: 5px; position: relative; list-style-image: url('..\/dx\/li.jpg\/$file\/li.jpg'); list-style-position: inside; font-size: 14.3px;\"><span style=\"color: #000000;\">Storage &#8211; z\u00e1kladn\u00ed term\u00edny, souborov\u00fd syst\u00e9m VMFS, vytv\u00e1\u0159en\u00ed a konfigurace \u00falo\u017ei\u0161\u0165, lok\u00e1ln\u00ed\/iSCSI\/NFS \u00falo\u017ei\u0161t\u011b<\/span><\/li>\n<li style=\"padding: 0px; margin: 5px; position: relative; list-style-image: url('..\/dx\/li.jpg\/$file\/li.jpg'); list-style-position: inside; font-size: 14.3px;\"><span style=\"color: #000000;\">Resource Management &#8211; z\u00e1kladn\u00ed pojmy, spr\u00e1va a alokace zdroj\u016f (CPU, pam\u011b\u0165, disk), rezervace\/pod\u00edly\/limity<\/span><\/li>\n<li style=\"padding: 0px; margin: 5px; position: relative; list-style-image: url('..\/dx\/li.jpg\/$file\/li.jpg'); list-style-position: inside; font-size: 14.3px;\"><span style=\"color: #000000;\">Instalace a konfigurace VMware vCenter Server &#8211; instalace do Windows vs. virtu\u00e1ln\u00ed appliance, pluginy<\/span><\/li>\n<li style=\"padding: 0px; margin: 5px; position: relative; list-style-image: url('..\/dx\/li.jpg\/$file\/li.jpg'); list-style-position: inside; font-size: 14.3px;\"><span style=\"color: #000000;\">vCenter Update Manager &#8211; instalace a konfigurace, automatizace aktualizac\u00ed vSphere ESXi<\/span><\/li>\n<li style=\"padding: 0px; margin: 5px; position: relative; list-style-image: url('..\/dx\/li.jpg\/$file\/li.jpg'); list-style-position: inside; font-size: 14.3px;\"><span style=\"color: #000000;\">Vysok\u00e1 dostupnost &#8211; konfigurace High Availability (HA)<\/span><\/li>\n<li style=\"padding: 0px; margin: 5px; position: relative; list-style-image: url('..\/dx\/li.jpg\/$file\/li.jpg'); list-style-position: inside; font-size: 14.3px;\"><span style=\"color: #000000;\">Vytvo\u0159en\u00ed a spr\u00e1va virtu\u00e1ln\u00edch po\u010d\u00edta\u010d\u016f &#8211; pr\u00e1ce v virtu\u00e1ln\u00edm HW, passthrough za\u0159\u00edzen\u00ed, VMWare Tools, klonov\u00e1n\u00ed VM, \u0161ablony VM<\/span><\/li>\n<li style=\"padding: 0px; margin: 5px; position: relative; list-style-image: url('..\/dx\/li.jpg\/$file\/li.jpg'); list-style-position: inside; font-size: 14.3px;\"><span style=\"color: #000000;\">Pr\u00e1ce s p\u0159edp\u0159ipraven\u00fdmi OVF\/OVA VM, nasazen\u00ed, vytvo\u0159en\u00ed vlastn\u00edho OVF\/OVA VM<\/span><\/li>\n<li style=\"padding: 0px; margin: 5px; position: relative; list-style-image: url('..\/dx\/li.jpg\/$file\/li.jpg'); list-style-position: inside; font-size: 14.3px;\"><span style=\"color: #000000;\">Ochrana a z\u00e1lohov\u00e1n\u00ed dat &#8211; free n\u00e1stroje, \u00a0komer\u010dn\u00ed n\u00e1stroje t\u0159et\u00edch stran<\/span><\/li>\n<li style=\"padding: 0px; margin: 5px; position: relative; list-style-image: url('..\/dx\/li.jpg\/$file\/li.jpg'); list-style-position: inside; font-size: 14.3px;\"><span style=\"color: #000000;\">Monitoring prost\u0159ed\u00ed vSphere &#8211; vestav\u011bn\u00e9 prost\u0159edky, free n\u00e1stroje t\u0159et\u00edch stran a komer\u010dn\u00ed n\u00e1stroje t\u0159et\u00edch stran<\/span><\/li>\n<\/ul>\n<hr \/>\n<p><span style=\"color: #000000;\">Rozsah \u0161kolen\u00ed:\u00a0<strong>2 dny<\/strong><\/span><\/p>\n<p><span style=\"color: #000000;\"><strong>V r\u00e1mci \u0161kolen\u00ed jsou prezentace prokl\u00e1d\u00e1ny praktick\u00fdmi cvi\u010den\u00edmi, kdy frekventanti nau\u010den\u00e9 postupy ihned otestuj\u00ed v praxi.<\/strong><strong>\u00a0<\/strong><\/span><br \/>\n<span style=\"color: #000000;\">V cen\u011b jsou zahrnuty elektronick\u00e9 materi\u00e1ly s pou\u017eit\u00fdmi n\u00e1stroji a dokumentac\u00ed.<\/span><br \/>\n<span style=\"color: #000000;\">Ka\u017ed\u00fd z\u00fa\u010dastn\u011bn\u00fd obdr\u017e\u00ed certifik\u00e1t o absolvov\u00e1n\u00ed kurzu.<\/span><br \/>\n<span style=\"color: #000000;\">V dob\u011b p\u0159est\u00e1vek bude frekventant\u016fm k dispozici k\u00e1va, \u010daj, nealko a su\u0161enky.<\/span><\/p>\n<h4 style=\"text-align: center;\"><span style=\"color: #000000;\">Cena\/osobu\/2 dny: <strong>21.200 K\u010d bez DPH<\/strong><\/span><\/h4>\n","protected":false},"excerpt":{"rendered":"<p>\u00da\u010dast na \u0161kolen\u00ed je nutn\u00e9 rezervovat minim\u00e1ln\u011b 14 dn\u00ed p\u0159edem! Individu\u00e1ln\u00ed term\u00edn lze ur\u010dit po p\u0159edchoz\u00ed domluv\u011b. C\u00edlem \u0161kolen\u00ed je sezn\u00e1mit \u00fa\u010dastn\u00edky s ka\u017edodenn\u00ed spr\u00e1vou prost\u0159ed\u00ed vSphere ESXi a procvi\u010dit z\u00e1kladn\u00ed konfigura\u010dn\u00ed postupy. B\u011bhem kurzu se \u00fa\u010dastn\u00edci nau\u010d\u00ed vyu\u017e\u00edvat i m\u00e9n\u011b obvykl\u00fdch postup\u016f p\u0159i spr\u00e1v\u011b vSphere. Ned\u00edlnou sou\u010d\u00e1st\u00ed je troubleshooting a \u0159e\u0161en\u00ed probl\u00e9m\u016f, se kter\u00fdmi [&hellip;]<\/p>\n","protected":false},"author":1,"featured_media":0,"parent":0,"menu_order":0,"comment_status":"closed","ping_status":"closed","template":"","meta":{"ocean_post_layout":"","ocean_both_sidebars_style":"","ocean_both_sidebars_content_width":0,"ocean_both_sidebars_sidebars_width":0,"ocean_sidebar":"0","ocean_second_sidebar":"0","ocean_disable_margins":"enable","ocean_add_body_class":"","ocean_shortcode_before_top_bar":"","ocean_shortcode_after_top_bar":"","ocean_shortcode_before_header":"","ocean_shortcode_after_header":"","ocean_has_shortcode":"","ocean_shortcode_after_title":"","ocean_shortcode_before_footer_widgets":"","ocean_shortcode_after_footer_widgets":"","ocean_shortcode_before_footer_bottom":"","ocean_shortcode_after_footer_bottom":"","ocean_display_top_bar":"default","ocean_display_header":"default","ocean_header_style":"","ocean_center_header_left_menu":"0","ocean_custom_header_template":"0","ocean_custom_logo":0,"ocean_custom_retina_logo":0,"ocean_custom_logo_max_width":0,"ocean_custom_logo_tablet_max_width":0,"ocean_custom_logo_mobile_max_width":0,"ocean_custom_logo_max_height":0,"ocean_custom_logo_tablet_max_height":0,"ocean_custom_logo_mobile_max_height":0,"ocean_header_custom_menu":"0","ocean_menu_typo_font_family":"0","ocean_menu_typo_font_subset":"","ocean_menu_typo_font_size":0,"ocean_menu_typo_font_size_tablet":0,"ocean_menu_typo_font_size_mobile":0,"ocean_menu_typo_font_size_unit":"px","ocean_menu_typo_font_weight":"","ocean_menu_typo_font_weight_tablet":"","ocean_menu_typo_font_weight_mobile":"","ocean_menu_typo_transform":"","ocean_menu_typo_transform_tablet":"","ocean_menu_typo_transform_mobile":"","ocean_menu_typo_line_height":0,"ocean_menu_typo_line_height_tablet":0,"ocean_menu_typo_line_height_mobile":0,"ocean_menu_typo_line_height_unit":"","ocean_menu_typo_spacing":0,"ocean_menu_typo_spacing_tablet":0,"ocean_menu_typo_spacing_mobile":0,"ocean_menu_typo_spacing_unit":"","ocean_menu_link_color":"","ocean_menu_link_color_hover":"","ocean_menu_link_color_active":"","ocean_menu_link_background":"","ocean_menu_link_hover_background":"","ocean_menu_link_active_background":"","ocean_menu_social_links_bg":"","ocean_menu_social_hover_links_bg":"","ocean_menu_social_links_color":"","ocean_menu_social_hover_links_color":"","ocean_disable_title":"default","ocean_disable_heading":"default","ocean_post_title":"","ocean_post_subheading":"","ocean_post_title_style":"","ocean_post_title_background_color":"","ocean_post_title_background":0,"ocean_post_title_bg_image_position":"","ocean_post_title_bg_image_attachment":"","ocean_post_title_bg_image_repeat":"","ocean_post_title_bg_image_size":"","ocean_post_title_height":0,"ocean_post_title_bg_overlay":0.5,"ocean_post_title_bg_overlay_color":"","ocean_disable_breadcrumbs":"default","ocean_breadcrumbs_color":"","ocean_breadcrumbs_separator_color":"","ocean_breadcrumbs_links_color":"","ocean_breadcrumbs_links_hover_color":"","ocean_display_footer_widgets":"default","ocean_display_footer_bottom":"default","ocean_custom_footer_template":"0","footnotes":""},"class_list":["post-1048","page","type-page","status-publish","hentry","entry"],"yoast_head":"<!-- This site is optimized with the Yoast SEO plugin v27.4 - https:\/\/yoast.com\/product\/yoast-seo-wordpress\/ -->\n<title>VMware vSphere ESX 6.5 nebo 6.7 &#8226; exTerra Services &#8226; profesion\u00e1ln\u00ed IT \u0159e\u0161en\u00ed<\/title>\n<meta name=\"robots\" content=\"index, follow, max-snippet:-1, max-image-preview:large, max-video-preview:-1\" \/>\n<link rel=\"canonical\" href=\"https:\/\/www.exterra-services.cz\/index.php\/vmware-vsphere-esx-5-5-nebo-6-5\/\" \/>\n<meta property=\"og:locale\" content=\"cs_CZ\" \/>\n<meta property=\"og:type\" content=\"article\" \/>\n<meta property=\"og:title\" content=\"VMware vSphere ESX 6.5 nebo 6.7 &#8226; exTerra Services &#8226; profesion\u00e1ln\u00ed IT \u0159e\u0161en\u00ed\" \/>\n<meta property=\"og:description\" content=\"\u00da\u010dast na \u0161kolen\u00ed je nutn\u00e9 rezervovat minim\u00e1ln\u011b 14 dn\u00ed p\u0159edem! Individu\u00e1ln\u00ed term\u00edn lze ur\u010dit po p\u0159edchoz\u00ed domluv\u011b. C\u00edlem \u0161kolen\u00ed je sezn\u00e1mit \u00fa\u010dastn\u00edky s ka\u017edodenn\u00ed spr\u00e1vou prost\u0159ed\u00ed vSphere ESXi a procvi\u010dit z\u00e1kladn\u00ed konfigura\u010dn\u00ed postupy. B\u011bhem kurzu se \u00fa\u010dastn\u00edci nau\u010d\u00ed vyu\u017e\u00edvat i m\u00e9n\u011b obvykl\u00fdch postup\u016f p\u0159i spr\u00e1v\u011b vSphere. Ned\u00edlnou sou\u010d\u00e1st\u00ed je troubleshooting a \u0159e\u0161en\u00ed probl\u00e9m\u016f, se kter\u00fdmi [&hellip;]\" \/>\n<meta property=\"og:url\" content=\"https:\/\/www.exterra-services.cz\/index.php\/vmware-vsphere-esx-5-5-nebo-6-5\/\" \/>\n<meta property=\"og:site_name\" content=\"exTerra Services\" \/>\n<meta property=\"article:modified_time\" content=\"2021-09-06T17:23:25+00:00\" \/>\n<meta name=\"twitter:card\" content=\"summary_large_image\" \/>\n<meta name=\"twitter:label1\" content=\"Odhadovan\u00e1 doba \u010dten\u00ed\" \/>\n\t<meta name=\"twitter:data1\" content=\"2 minuty\" \/>\n<script type=\"application\/ld+json\" class=\"yoast-schema-graph\">{\"@context\":\"https:\\\/\\\/schema.org\",\"@graph\":[{\"@type\":\"WebPage\",\"@id\":\"https:\\\/\\\/www.exterra-services.cz\\\/index.php\\\/vmware-vsphere-esx-5-5-nebo-6-5\\\/\",\"url\":\"https:\\\/\\\/www.exterra-services.cz\\\/index.php\\\/vmware-vsphere-esx-5-5-nebo-6-5\\\/\",\"name\":\"VMware vSphere ESX 6.5 nebo 6.7 &#8226; exTerra Services &#8226; profesion\u00e1ln\u00ed IT \u0159e\u0161en\u00ed\",\"isPartOf\":{\"@id\":\"https:\\\/\\\/www.exterra-services.cz\\\/#website\"},\"datePublished\":\"2019-01-25T21:44:20+00:00\",\"dateModified\":\"2021-09-06T17:23:25+00:00\",\"breadcrumb\":{\"@id\":\"https:\\\/\\\/www.exterra-services.cz\\\/index.php\\\/vmware-vsphere-esx-5-5-nebo-6-5\\\/#breadcrumb\"},\"inLanguage\":\"cs\",\"potentialAction\":[{\"@type\":\"ReadAction\",\"target\":[\"https:\\\/\\\/www.exterra-services.cz\\\/index.php\\\/vmware-vsphere-esx-5-5-nebo-6-5\\\/\"]}]},{\"@type\":\"BreadcrumbList\",\"@id\":\"https:\\\/\\\/www.exterra-services.cz\\\/index.php\\\/vmware-vsphere-esx-5-5-nebo-6-5\\\/#breadcrumb\",\"itemListElement\":[{\"@type\":\"ListItem\",\"position\":1,\"name\":\"Dom\u016f\",\"item\":\"https:\\\/\\\/www.exterra-services.cz\\\/\"},{\"@type\":\"ListItem\",\"position\":2,\"name\":\"VMware vSphere ESX 6.5 nebo 6.7\"}]},{\"@type\":\"WebSite\",\"@id\":\"https:\\\/\\\/www.exterra-services.cz\\\/#website\",\"url\":\"https:\\\/\\\/www.exterra-services.cz\\\/\",\"name\":\"exTerra Services\",\"description\":\"profesion\u00e1ln\u00ed IT \u0159e\u0161en\u00ed\",\"publisher\":{\"@id\":\"https:\\\/\\\/www.exterra-services.cz\\\/#organization\"},\"potentialAction\":[{\"@type\":\"SearchAction\",\"target\":{\"@type\":\"EntryPoint\",\"urlTemplate\":\"https:\\\/\\\/www.exterra-services.cz\\\/?s={search_term_string}\"},\"query-input\":{\"@type\":\"PropertyValueSpecification\",\"valueRequired\":true,\"valueName\":\"search_term_string\"}}],\"inLanguage\":\"cs\"},{\"@type\":\"Organization\",\"@id\":\"https:\\\/\\\/www.exterra-services.cz\\\/#organization\",\"name\":\"exTerra Services s.r.o.\",\"url\":\"https:\\\/\\\/www.exterra-services.cz\\\/\",\"logo\":{\"@type\":\"ImageObject\",\"inLanguage\":\"cs\",\"@id\":\"https:\\\/\\\/www.exterra-services.cz\\\/#\\\/schema\\\/logo\\\/image\\\/\",\"url\":\"https:\\\/\\\/www.exterra-services.cz\\\/wp-content\\\/uploads\\\/2018\\\/12\\\/logo.png\",\"contentUrl\":\"https:\\\/\\\/www.exterra-services.cz\\\/wp-content\\\/uploads\\\/2018\\\/12\\\/logo.png\",\"width\":1280,\"height\":720,\"caption\":\"exTerra Services s.r.o.\"},\"image\":{\"@id\":\"https:\\\/\\\/www.exterra-services.cz\\\/#\\\/schema\\\/logo\\\/image\\\/\"}}]}<\/script>\n<!-- \/ Yoast SEO plugin. -->","yoast_head_json":{"title":"VMware vSphere ESX 6.5 nebo 6.7 &#8226; exTerra Services &#8226; profesion\u00e1ln\u00ed IT \u0159e\u0161en\u00ed","robots":{"index":"index","follow":"follow","max-snippet":"max-snippet:-1","max-image-preview":"max-image-preview:large","max-video-preview":"max-video-preview:-1"},"canonical":"https:\/\/www.exterra-services.cz\/index.php\/vmware-vsphere-esx-5-5-nebo-6-5\/","og_locale":"cs_CZ","og_type":"article","og_title":"VMware vSphere ESX 6.5 nebo 6.7 &#8226; exTerra Services &#8226; profesion\u00e1ln\u00ed IT \u0159e\u0161en\u00ed","og_description":"\u00da\u010dast na \u0161kolen\u00ed je nutn\u00e9 rezervovat minim\u00e1ln\u011b 14 dn\u00ed p\u0159edem! Individu\u00e1ln\u00ed term\u00edn lze ur\u010dit po p\u0159edchoz\u00ed domluv\u011b. C\u00edlem \u0161kolen\u00ed je sezn\u00e1mit \u00fa\u010dastn\u00edky s ka\u017edodenn\u00ed spr\u00e1vou prost\u0159ed\u00ed vSphere ESXi a procvi\u010dit z\u00e1kladn\u00ed konfigura\u010dn\u00ed postupy. B\u011bhem kurzu se \u00fa\u010dastn\u00edci nau\u010d\u00ed vyu\u017e\u00edvat i m\u00e9n\u011b obvykl\u00fdch postup\u016f p\u0159i spr\u00e1v\u011b vSphere. Ned\u00edlnou sou\u010d\u00e1st\u00ed je troubleshooting a \u0159e\u0161en\u00ed probl\u00e9m\u016f, se kter\u00fdmi [&hellip;]","og_url":"https:\/\/www.exterra-services.cz\/index.php\/vmware-vsphere-esx-5-5-nebo-6-5\/","og_site_name":"exTerra Services","article_modified_time":"2021-09-06T17:23:25+00:00","twitter_card":"summary_large_image","twitter_misc":{"Odhadovan\u00e1 doba \u010dten\u00ed":"2 minuty"},"schema":{"@context":"https:\/\/schema.org","@graph":[{"@type":"WebPage","@id":"https:\/\/www.exterra-services.cz\/index.php\/vmware-vsphere-esx-5-5-nebo-6-5\/","url":"https:\/\/www.exterra-services.cz\/index.php\/vmware-vsphere-esx-5-5-nebo-6-5\/","name":"VMware vSphere ESX 6.5 nebo 6.7 &#8226; exTerra Services &#8226; profesion\u00e1ln\u00ed IT \u0159e\u0161en\u00ed","isPartOf":{"@id":"https:\/\/www.exterra-services.cz\/#website"},"datePublished":"2019-01-25T21:44:20+00:00","dateModified":"2021-09-06T17:23:25+00:00","breadcrumb":{"@id":"https:\/\/www.exterra-services.cz\/index.php\/vmware-vsphere-esx-5-5-nebo-6-5\/#breadcrumb"},"inLanguage":"cs","potentialAction":[{"@type":"ReadAction","target":["https:\/\/www.exterra-services.cz\/index.php\/vmware-vsphere-esx-5-5-nebo-6-5\/"]}]},{"@type":"BreadcrumbList","@id":"https:\/\/www.exterra-services.cz\/index.php\/vmware-vsphere-esx-5-5-nebo-6-5\/#breadcrumb","itemListElement":[{"@type":"ListItem","position":1,"name":"Dom\u016f","item":"https:\/\/www.exterra-services.cz\/"},{"@type":"ListItem","position":2,"name":"VMware vSphere ESX 6.5 nebo 6.7"}]},{"@type":"WebSite","@id":"https:\/\/www.exterra-services.cz\/#website","url":"https:\/\/www.exterra-services.cz\/","name":"exTerra Services","description":"profesion\u00e1ln\u00ed IT \u0159e\u0161en\u00ed","publisher":{"@id":"https:\/\/www.exterra-services.cz\/#organization"},"potentialAction":[{"@type":"SearchAction","target":{"@type":"EntryPoint","urlTemplate":"https:\/\/www.exterra-services.cz\/?s={search_term_string}"},"query-input":{"@type":"PropertyValueSpecification","valueRequired":true,"valueName":"search_term_string"}}],"inLanguage":"cs"},{"@type":"Organization","@id":"https:\/\/www.exterra-services.cz\/#organization","name":"exTerra Services s.r.o.","url":"https:\/\/www.exterra-services.cz\/","logo":{"@type":"ImageObject","inLanguage":"cs","@id":"https:\/\/www.exterra-services.cz\/#\/schema\/logo\/image\/","url":"https:\/\/www.exterra-services.cz\/wp-content\/uploads\/2018\/12\/logo.png","contentUrl":"https:\/\/www.exterra-services.cz\/wp-content\/uploads\/2018\/12\/logo.png","width":1280,"height":720,"caption":"exTerra Services s.r.o."},"image":{"@id":"https:\/\/www.exterra-services.cz\/#\/schema\/logo\/image\/"}}]}},"jetpack_sharing_enabled":true,"_links":{"self":[{"href":"https:\/\/www.exterra-services.cz\/index.php\/wp-json\/wp\/v2\/pages\/1048","targetHints":{"allow":["GET"]}}],"collection":[{"href":"https:\/\/www.exterra-services.cz\/index.php\/wp-json\/wp\/v2\/pages"}],"about":[{"href":"https:\/\/www.exterra-services.cz\/index.php\/wp-json\/wp\/v2\/types\/page"}],"author":[{"embeddable":true,"href":"https:\/\/www.exterra-services.cz\/index.php\/wp-json\/wp\/v2\/users\/1"}],"replies":[{"embeddable":true,"href":"https:\/\/www.exterra-services.cz\/index.php\/wp-json\/wp\/v2\/comments?post=1048"}],"version-history":[{"count":2,"href":"https:\/\/www.exterra-services.cz\/index.php\/wp-json\/wp\/v2\/pages\/1048\/revisions"}],"predecessor-version":[{"id":3534,"href":"https:\/\/www.exterra-services.cz\/index.php\/wp-json\/wp\/v2\/pages\/1048\/revisions\/3534"}],"wp:attachment":[{"href":"https:\/\/www.exterra-services.cz\/index.php\/wp-json\/wp\/v2\/media?parent=1048"}],"curies":[{"name":"wp","href":"https:\/\/api.w.org\/{rel}","templated":true}]}}